Last updated on 2023-06-06 21:00:58 CEST.
Flavor | Version | Tinstall | Tcheck | Ttotal | Status | Flags |
---|---|---|---|---|---|---|
r-devel-linux-x86_64-debian-clang | 0.1.11 | 6.21 | 55.56 | 61.77 | OK | |
r-devel-linux-x86_64-debian-gcc | 0.1.11 | 3.61 | 41.78 | 45.39 | OK | |
r-devel-linux-x86_64-fedora-clang | 0.1.11 | 75.77 | NOTE | |||
r-devel-linux-x86_64-fedora-gcc | 0.1.11 | 77.16 | OK | |||
r-devel-windows-x86_64 | 0.1.11 | 7.00 | 64.00 | 71.00 | OK | |
r-patched-linux-x86_64 | 0.1.11 | 5.13 | 52.13 | 57.26 | OK | |
r-release-linux-x86_64 | 0.1.11 | 3.72 | 52.09 | 55.81 | OK | |
r-release-macos-arm64 | 0.1.11 | 30.00 | OK | |||
r-release-macos-x86_64 | 0.1.11 | 39.00 | OK | |||
r-release-windows-x86_64 | 0.1.11 | 9.00 | 72.00 | 81.00 | OK | |
r-oldrel-macos-arm64 | 0.1.11 | 26.00 | OK | |||
r-oldrel-macos-x86_64 | 0.1.11 | 36.00 | OK | |||
r-oldrel-windows-x86_64 | 0.1.11 | 8.00 | 77.00 | 85.00 | OK |
Version: 0.1.11
Check: Rd cross-references
Result: NOTE
Undeclared packages ‘lme4’, ‘rstanarm’, ‘dplyr’ in Rd xrefs
Flavor: r-devel-linux-x86_64-fedora-clang