Last updated on 2024-03-27 19:56:57 CET.
Flavor | Version | Tinstall | Tcheck | Ttotal | Status | Flags |
---|---|---|---|---|---|---|
r-devel-linux-x86_64-debian-clang | 1.3.0 | 19.72 | 57.66 | 77.38 | OK | |
r-devel-linux-x86_64-debian-gcc | 1.3.0 | 17.20 | 44.13 | 61.33 | OK | |
r-devel-linux-x86_64-fedora-clang | 1.3.0 | 103.47 | NOTE | |||
r-devel-linux-x86_64-fedora-gcc | 1.3.0 | 100.52 | NOTE | |||
r-devel-windows-x86_64 | 1.3.0 | 23.00 | 70.00 | 93.00 | OK | |
r-patched-linux-x86_64 | 1.3.0 | 22.33 | 55.08 | 77.41 | OK | |
r-release-linux-x86_64 | 1.3.0 | 21.45 | 56.22 | 77.67 | OK | |
r-release-macos-arm64 | 1.3.0 | 44.00 | NOTE | |||
r-release-macos-x86_64 | 1.3.0 | 65.00 | NOTE | |||
r-release-windows-x86_64 | 1.3.0 | 29.00 | 82.00 | 111.00 | OK | |
r-oldrel-macos-arm64 | 1.3.0 | 47.00 | NOTE | |||
r-oldrel-windows-x86_64 | 1.3.0 | 29.00 | 87.00 | 116.00 | OK |
Version: 1.3.0
Check: installed package size
Result: NOTE
installed size is 5.0Mb
sub-directories of 1Mb or more:
data 4.8Mb
Flavors: r-devel-linux-x86_64-fedora-clang, r-release-macos-arm64, r-release-macos-x86_64, r-oldrel-macos-arm64
Version: 1.3.0
Check: Rd cross-references
Result: NOTE
Undeclared package ‘caret’ in Rd xrefs
Flavor: r-devel-linux-x86_64-fedora-clang
Version: 1.3.0
Check: data for non-ASCII characters
Result: NOTE
Note: found 313 marked UTF-8 strings
Flavors: r-devel-linux-x86_64-fedora-clang, r-devel-linux-x86_64-fedora-gcc