CRAN Package Check Results for Package modeest

Last updated on 2022-11-29 20:53:05 CET.

Flavor Version Tinstall Tcheck Ttotal Status Flags
r-devel-linux-x86_64-debian-clang 2.4.0 6.85 61.07 67.92 NOTE
r-devel-linux-x86_64-debian-gcc 2.4.0 5.90 46.91 52.81 NOTE
r-devel-linux-x86_64-fedora-clang 2.4.0 95.26 NOTE
r-devel-linux-x86_64-fedora-gcc 2.4.0 91.63 NOTE
r-devel-windows-x86_64 2.4.0 27.00 89.00 116.00 NOTE
r-patched-linux-x86_64 2.4.0 6.52 57.02 63.54 NOTE
r-release-linux-x86_64 2.4.0 6.12 57.78 63.90 NOTE
r-release-macos-arm64 2.4.0 27.00 NOTE
r-release-macos-x86_64 2.4.0 37.00 NOTE
r-release-windows-x86_64 2.4.0 22.00 90.00 112.00 NOTE
r-oldrel-macos-arm64 2.4.0 30.00 NOTE
r-oldrel-macos-x86_64 2.4.0 47.00 NOTE
r-oldrel-windows-ix86+x86_64 2.4.0 15.00 84.00 99.00 NOTE

Check Details

Version: 2.4.0
Check: Rd files
Result: NOTE
    checkRd: (-1) modeest-package.Rd:150: Escaped LaTeX specials: \&
    checkRd: (-1) vieu.Rd:56: Escaped LaTeX specials: \&
Flavors: r-devel-linux-x86_64-debian-clang, r-devel-linux-x86_64-debian-gcc, r-devel-linux-x86_64-fedora-clang, r-devel-linux-x86_64-fedora-gcc, r-devel-windows-x86_64

Version: 2.4.0
Check: LazyData
Result: NOTE
     'LazyData' is specified without a 'data' directory
Flavors: r-devel-linux-x86_64-debian-clang, r-devel-linux-x86_64-debian-gcc, r-devel-linux-x86_64-fedora-clang, r-devel-linux-x86_64-fedora-gcc, r-devel-windows-x86_64, r-patched-linux-x86_64, r-release-linux-x86_64, r-release-macos-arm64, r-release-macos-x86_64, r-release-windows-x86_64, r-oldrel-macos-arm64, r-oldrel-macos-x86_64, r-oldrel-windows-ix86+x86_64