CRAN Package Check Results for Package modeLLtest

Last updated on 2022-10-05 21:53:39 CEST.

Flavor Version Tinstall Tcheck Ttotal Status Flags
r-devel-linux-x86_64-debian-clang 1.0.4 83.73 108.74 192.47 OK
r-devel-linux-x86_64-debian-gcc 1.0.4 67.86 84.07 151.93 OK
r-devel-linux-x86_64-fedora-clang 1.0.4 275.69 NOTE
r-devel-linux-x86_64-fedora-gcc 1.0.4 252.33 NOTE
r-devel-windows-x86_64 1.0.4 72.00 154.00 226.00 OK
r-patched-linux-x86_64 1.0.4 72.90 104.71 177.61 OK
r-release-linux-x86_64 1.0.4 75.91 105.65 181.56 OK
r-release-macos-arm64 1.0.4 59.00 NOTE
r-release-macos-x86_64 1.0.4 90.00 NOTE
r-release-windows-x86_64 1.0.4 70.00 156.00 226.00 OK
r-oldrel-macos-arm64 1.0.4 79.00 NOTE
r-oldrel-macos-x86_64 1.0.4 90.00 NOTE
r-oldrel-windows-ix86+x86_64 1.0.4 217.00 196.00 413.00 OK

Check Details

Version: 1.0.4
Check: data for non-ASCII characters
Result: NOTE
     Note: found 18 marked Latin-1 strings
Flavors: r-devel-linux-x86_64-fedora-clang, r-devel-linux-x86_64-fedora-gcc, r-release-macos-arm64, r-release-macos-x86_64, r-oldrel-macos-arm64, r-oldrel-macos-x86_64