Last updated on 2024-04-19 20:56:44 CEST.
Flavor | Version | Tinstall | Tcheck | Ttotal | Status | Flags |
---|---|---|---|---|---|---|
r-devel-linux-x86_64-debian-clang | 1.2.2 | 192.58 | 33.32 | 225.90 | OK | |
r-devel-linux-x86_64-debian-gcc | 1.2.2 | OK | ||||
r-devel-linux-x86_64-fedora-clang | 1.2.2 | 327.08 | OK | |||
r-devel-linux-x86_64-fedora-gcc | 1.2.2 | 357.34 | OK | |||
r-prerel-macos-arm64 | 1.2.2 | 61.00 | NOTE | |||
r-prerel-windows-x86_64 | 1.2.2 | 143.00 | 70.00 | 213.00 | OK | |
r-patched-linux-x86_64 | 1.2.2 | 199.57 | 31.97 | 231.54 | OK | |
r-release-linux-x86_64 | 1.2.2 | 195.83 | 32.68 | 228.51 | OK | |
r-release-macos-arm64 | 1.2.2 | 68.00 | NOTE | |||
r-release-macos-x86_64 | 1.2.2 | 102.00 | NOTE | |||
r-release-windows-x86_64 | 1.2.2 | 176.00 | 87.00 | 263.00 | OK | |
r-oldrel-macos-arm64 | 1.2.2 | 66.00 | NOTE | |||
r-oldrel-windows-x86_64 | 1.2.2 | 170.00 | 89.00 | 259.00 | OK |
Version: 1.2.2
Check: installed package size
Result: NOTE
installed size is 10.6Mb
sub-directories of 1Mb or more:
libs 10.4Mb
Flavors: r-prerel-macos-arm64, r-release-macos-arm64, r-release-macos-x86_64, r-oldrel-macos-arm64