CRAN Package Check Results for Package mmtsne

Last updated on 2025-05-09 20:49:56 CEST.

Flavor Version Tinstall Tcheck Ttotal Status Flags
r-devel-linux-x86_64-debian-clang 0.1.0 1.82 22.76 24.58 NOTE
r-devel-linux-x86_64-debian-gcc 0.1.0 1.34 17.62 18.96 NOTE
r-devel-linux-x86_64-fedora-clang 0.1.0 39.02 OK
r-devel-linux-x86_64-fedora-gcc 0.1.0 39.20 OK
r-devel-windows-x86_64 0.1.0 2.00 42.00 44.00 OK
r-patched-linux-x86_64 0.1.0 1.67 21.47 23.14 OK
r-release-linux-x86_64 0.1.0 1.74 21.31 23.05 OK
r-release-macos-arm64 0.1.0 17.00 OK
r-release-macos-x86_64 0.1.0 33.00 OK
r-release-windows-x86_64 0.1.0 2.00 43.00 45.00 OK
r-oldrel-macos-arm64 0.1.0 15.00 NOTE
r-oldrel-macos-x86_64 0.1.0 23.00 NOTE
r-oldrel-windows-x86_64 0.1.0 2.00 40.00 42.00 NOTE

Check Details

Version: 0.1.0
Check: CRAN incoming feasibility
Result: NOTE Maintainer: ‘Benjamin J. Radford <benjamin.radford@gmail.com>’ No Authors@R field in DESCRIPTION. Please add one, modifying Authors@R: person(given = c("Benjamin", "J."), family = "Radford", role = c("aut", "cre"), email = "benjamin.radford@gmail.com") as necessary. Flavors: r-devel-linux-x86_64-debian-clang, r-devel-linux-x86_64-debian-gcc

Version: 0.1.0
Check: LazyData
Result: NOTE 'LazyData' is specified without a 'data' directory Flavors: r-oldrel-macos-arm64, r-oldrel-macos-x86_64, r-oldrel-windows-x86_64