Last updated on 2024-04-19 20:56:44 CEST.
Flavor | Version | Tinstall | Tcheck | Ttotal | Status | Flags |
---|---|---|---|---|---|---|
r-devel-linux-x86_64-debian-clang | 2.0.3 | 68.93 | 34.79 | 103.72 | NOTE | |
r-devel-linux-x86_64-debian-gcc | 2.0.3 | NOTE | ||||
r-devel-linux-x86_64-fedora-clang | 2.0.3 | 139.04 | NOTE | |||
r-devel-linux-x86_64-fedora-gcc | 2.0.3 | 159.99 | NOTE | |||
r-prerel-macos-arm64 | 2.0.3 | 36.00 | NOTE | |||
r-prerel-windows-x86_64 | 2.0.3 | 61.00 | 67.00 | 128.00 | NOTE | |
r-patched-linux-x86_64 | 2.0.3 | 75.29 | 37.34 | 112.63 | NOTE | |
r-release-linux-x86_64 | 2.0.3 | 64.20 | 38.17 | 102.37 | NOTE | |
r-release-macos-arm64 | 2.0.3 | 38.00 | NOTE | |||
r-release-macos-x86_64 | 2.0.3 | 62.00 | NOTE | |||
r-release-windows-x86_64 | 2.0.3 | 73.00 | 81.00 | 154.00 | NOTE | |
r-oldrel-macos-arm64 | 2.0.3 | 45.00 | NOTE | |||
r-oldrel-windows-x86_64 | 2.0.3 | 65.00 | 79.00 | 144.00 | OK |
Version: 2.0.3
Check: C++ specification
Result: NOTE
Specified C++14: please drop specification unless essential
Flavors: r-devel-linux-x86_64-debian-clang, r-devel-linux-x86_64-debian-gcc, r-devel-linux-x86_64-fedora-clang, r-devel-linux-x86_64-fedora-gcc, r-prerel-macos-arm64, r-prerel-windows-x86_64, r-patched-linux-x86_64, r-release-linux-x86_64, r-release-macos-arm64, r-release-macos-x86_64, r-release-windows-x86_64
Version: 2.0.3
Check: installed package size
Result: NOTE
installed size is 29.9Mb
sub-directories of 1Mb or more:
libs 29.8Mb
Flavors: r-prerel-macos-arm64, r-release-macos-arm64, r-release-macos-x86_64, r-oldrel-macos-arm64