Last updated on 2025-05-06 20:50:46 CEST.
Flavor | Version | Tinstall | Tcheck | Ttotal | Status | Flags |
---|---|---|---|---|---|---|
r-devel-linux-x86_64-debian-clang | 0.2.0 | 3.32 | 35.42 | 38.74 | NOTE | |
r-devel-linux-x86_64-debian-gcc | 0.2.0 | 2.40 | 26.19 | 28.59 | NOTE | |
r-devel-linux-x86_64-fedora-clang | 0.2.0 | 55.91 | NOTE | |||
r-devel-linux-x86_64-fedora-gcc | 0.2.0 | 55.52 | NOTE | |||
r-devel-windows-x86_64 | 0.2.0 | 6.00 | 58.00 | 64.00 | NOTE | |
r-patched-linux-x86_64 | 0.2.0 | 3.42 | 31.06 | 34.48 | NOTE | |
r-release-linux-x86_64 | 0.2.0 | 3.18 | 31.38 | 34.56 | NOTE | |
r-release-macos-arm64 | 0.2.0 | 26.00 | NOTE | |||
r-release-macos-x86_64 | 0.2.0 | 43.00 | NOTE | |||
r-release-windows-x86_64 | 0.2.0 | 5.00 | 59.00 | 64.00 | NOTE | |
r-oldrel-macos-arm64 | 0.2.0 | 21.00 | OK | |||
r-oldrel-macos-x86_64 | 0.2.0 | 29.00 | OK | |||
r-oldrel-windows-x86_64 | 0.2.0 | 7.00 | 76.00 | 83.00 | OK |
Version: 0.2.0
Check: DESCRIPTION meta-information
Result: NOTE
Missing dependency on R >= 4.1.0 because package code uses the pipe
|> or function shorthand \(...) syntax added in R 4.1.0.
File(s) using such syntax:
‘BF_for_everyone.R’ ‘rc_game_mgmt.R’
Flavors: r-devel-linux-x86_64-debian-clang, r-devel-linux-x86_64-debian-gcc, r-devel-linux-x86_64-fedora-clang, r-devel-linux-x86_64-fedora-gcc, r-devel-windows-x86_64, r-patched-linux-x86_64, r-release-linux-x86_64, r-release-macos-arm64, r-release-macos-x86_64, r-release-windows-x86_64