CRAN Package Check Results for Package mmb

Last updated on 2025-02-20 19:51:38 CET.

Flavor Version Tinstall Tcheck Ttotal Status Flags
r-devel-linux-x86_64-debian-clang 0.13.3 2.70 97.93 100.63 OK
r-devel-linux-x86_64-debian-gcc 0.13.3 2.42 63.94 66.36 OK
r-devel-linux-x86_64-fedora-clang 0.13.3 163.50 NOTE
r-devel-linux-x86_64-fedora-gcc 0.13.3 169.07 NOTE
r-devel-macos-arm64 0.13.3 55.00 OK
r-devel-macos-x86_64 0.13.3 110.00 OK
r-devel-windows-x86_64 0.13.3 4.00 109.00 113.00 OK
r-patched-linux-x86_64 0.13.3 3.45 92.18 95.63 NOTE
r-release-linux-x86_64 0.13.3 3.00 92.73 95.73 NOTE
r-release-macos-arm64 0.13.3 55.00 NOTE
r-release-macos-x86_64 0.13.3 88.00 NOTE
r-release-windows-x86_64 0.13.3 4.00 110.00 114.00 NOTE
r-oldrel-macos-arm64 0.13.3 48.00 NOTE
r-oldrel-macos-x86_64 0.13.3 86.00 NOTE
r-oldrel-windows-x86_64 0.13.3 5.00 174.00 179.00 NOTE

Check Details

Version: 0.13.3
Check: dependencies in R code
Result: NOTE Namespaces in Imports field not imported from: ‘datasets’ ‘doParallel’ ‘parallel’ All declared Imports should be used. Flavors: r-devel-linux-x86_64-fedora-clang, r-devel-linux-x86_64-fedora-gcc

Version: 0.13.3
Check: LazyData
Result: NOTE 'LazyData' is specified without a 'data' directory Flavors: r-patched-linux-x86_64, r-release-linux-x86_64, r-release-macos-arm64, r-release-macos-x86_64, r-release-windows-x86_64, r-oldrel-macos-arm64, r-oldrel-macos-x86_64, r-oldrel-windows-x86_64