Last updated on 2025-07-10 20:50:32 CEST.
Flavor | Version | Tinstall | Tcheck | Ttotal | Status | Flags |
---|---|---|---|---|---|---|
r-devel-linux-x86_64-debian-clang | 1.6.3 | 37.75 | 33.33 | 71.08 | NOTE | |
r-devel-linux-x86_64-debian-gcc | 1.6.3 | 27.65 | 26.64 | 54.29 | NOTE | |
r-devel-linux-x86_64-fedora-clang | 1.6.3 | 131.63 | OK | |||
r-devel-linux-x86_64-fedora-gcc | 1.6.3 | 119.89 | OK | |||
r-devel-windows-x86_64 | 1.6.3 | 42.00 | 80.00 | 122.00 | OK | |
r-patched-linux-x86_64 | 1.6.3 | 37.23 | 29.24 | 66.47 | OK | |
r-release-linux-x86_64 | 1.6.3 | 35.90 | 29.33 | 65.23 | OK | |
r-release-macos-arm64 | 1.6.3 | 42.00 | OK | |||
r-release-macos-x86_64 | 1.6.3 | 63.00 | OK | |||
r-release-windows-x86_64 | 1.6.3 | 44.00 | 81.00 | 125.00 | OK | |
r-oldrel-macos-arm64 | 1.6.3 | 41.00 | OK | |||
r-oldrel-macos-x86_64 | 1.6.3 | 60.00 | OK | |||
r-oldrel-windows-x86_64 | 1.6.3 | 42.00 | 85.00 | 127.00 | OK |
Version: 1.6.3
Check: CRAN incoming feasibility
Result: NOTE
Maintainer: ‘Jon Clayden <code@clayden.org>’
No Authors@R field in DESCRIPTION.
Please add one, modifying
Authors@R: person(given = "Jon",
family = "Clayden",
role = c("aut", "cre"),
email = "code@clayden.org")
as necessary.
Flavors: r-devel-linux-x86_64-debian-clang, r-devel-linux-x86_64-debian-gcc