Last updated on 2025-06-30 21:49:27 CEST.
Flavor | Version | Tinstall | Tcheck | Ttotal | Status | Flags |
---|---|---|---|---|---|---|
r-devel-linux-x86_64-debian-clang | 0.3.1 | 13.31 | 118.55 | 131.86 | OK | |
r-devel-linux-x86_64-debian-gcc | 0.3.1 | 8.91 | 85.83 | 94.74 | OK | |
r-devel-linux-x86_64-fedora-clang | 0.3.1 | 215.69 | OK | |||
r-devel-linux-x86_64-fedora-gcc | 0.3.1 | 198.55 | OK | |||
r-devel-windows-x86_64 | 0.3.1 | 14.00 | 112.00 | 126.00 | OK | |
r-patched-linux-x86_64 | OK | |||||
r-release-linux-x86_64 | 0.3.1 | 13.31 | 107.36 | 120.67 | OK | |
r-release-macos-arm64 | 0.3.1 | 56.00 | OK | |||
r-release-macos-x86_64 | 0.3.1 | 124.00 | OK | |||
r-release-windows-x86_64 | 0.3.1 | 14.00 | 109.00 | 123.00 | OK | |
r-oldrel-macos-arm64 | 0.3.1 | 53.00 | NOTE | |||
r-oldrel-macos-x86_64 | 0.3.1 | 91.00 | NOTE | |||
r-oldrel-windows-x86_64 | 0.3.1 | 19.00 | 147.00 | 166.00 | NOTE |
Version: 0.3.1
Check: package dependencies
Result: NOTE
Package suggested but not available for checking: ‘mlr3proba’
Flavors: r-oldrel-macos-arm64, r-oldrel-macos-x86_64, r-oldrel-windows-x86_64