Last updated on 2024-07-17 20:57:05 CEST.
Flavor | Version | Tinstall | Tcheck | Ttotal | Status | Flags |
---|---|---|---|---|---|---|
r-devel-linux-x86_64-debian-clang | 0.10.0 | 10.04 | 71.30 | 81.34 | OK | |
r-devel-linux-x86_64-debian-gcc | 0.10.0 | 7.26 | 52.06 | 59.32 | OK | |
r-devel-linux-x86_64-fedora-clang | 0.10.0 | 107.38 | OK | |||
r-devel-linux-x86_64-fedora-gcc | 0.10.0 | 98.60 | OK | |||
r-devel-windows-x86_64 | 0.10.0 | 13.00 | 77.00 | 90.00 | NOTE | |
r-patched-linux-x86_64 | 0.10.0 | 12.94 | 67.70 | 80.64 | OK | |
r-release-linux-x86_64 | 0.10.0 | 9.43 | 68.31 | 77.74 | OK | |
r-release-macos-arm64 | 0.10.0 | 31.00 | OK | |||
r-release-macos-x86_64 | 0.10.0 | 54.00 | OK | |||
r-release-windows-x86_64 | 0.10.0 | 13.00 | 78.00 | 91.00 | OK | |
r-oldrel-macos-arm64 | 0.10.0 | 37.00 | OK | |||
r-oldrel-macos-x86_64 | 0.10.0 | 59.00 | OK | |||
r-oldrel-windows-x86_64 | 0.10.0 | 16.00 | 91.00 | 107.00 | OK |
Version: 0.10.0
Check: Rd cross-references
Result: NOTE
Found the following Rd file(s) with Rd \link{} targets missing package
anchors:
read_arff.Rd: data.table, fread
Please provide package anchors for all Rd \link{} targets not in the
package itself and the base packages.
Flavor: r-devel-windows-x86_64