CRAN Package Check Results for Package mlr3db

Last updated on 2025-05-06 20:50:46 CEST.

Flavor Version Tinstall Tcheck Ttotal Status Flags
r-devel-linux-x86_64-debian-clang 0.5.2 4.64 113.85 118.49 NOTE
r-devel-linux-x86_64-debian-gcc 0.5.2 3.05 85.92 88.97 NOTE
r-devel-linux-x86_64-fedora-clang 0.5.2 188.05 OK
r-devel-linux-x86_64-fedora-gcc 0.5.2 176.18 OK
r-devel-windows-x86_64 0.5.2 6.00 118.00 124.00 NOTE
r-patched-linux-x86_64 0.5.2 3.97 106.16 110.13 NOTE
r-release-linux-x86_64 0.5.2 4.04 104.99 109.03 NOTE
r-release-macos-arm64 0.5.2 64.00 OK
r-release-macos-x86_64 0.5.2 114.00 OK
r-release-windows-x86_64 0.5.2 6.00 125.00 131.00 NOTE
r-oldrel-macos-arm64 0.5.2 52.00 OK
r-oldrel-macos-x86_64 0.5.2 81.00 OK
r-oldrel-windows-x86_64 0.5.2 8.00 156.00 164.00 OK

Check Details

Version: 0.5.2
Check: Rd cross-references
Result: NOTE Found the following Rd file(s) with Rd \link{} targets missing package anchors: as_duckdb_backend.Rd: DataBackendDataTable, as_data_backend, DataBackend, Task as_sqlite_backend.Rd: DataBackendDataTable, as_data_backend, DataBackend, Task Please provide package anchors for all Rd \link{} targets not in the package itself and the base packages. Flavors: r-devel-linux-x86_64-debian-clang, r-devel-linux-x86_64-debian-gcc, r-devel-windows-x86_64, r-patched-linux-x86_64, r-release-linux-x86_64, r-release-windows-x86_64