Last updated on 2024-07-17 20:57:05 CEST.
Flavor | Version | Tinstall | Tcheck | Ttotal | Status | Flags |
---|---|---|---|---|---|---|
r-devel-linux-x86_64-debian-clang | 0.1.6 | 4.66 | 77.35 | 82.01 | OK | |
r-devel-linux-x86_64-debian-gcc | 0.1.6 | 5.50 | 56.23 | 61.73 | OK | |
r-devel-linux-x86_64-fedora-clang | 0.1.6 | 112.31 | OK | |||
r-devel-linux-x86_64-fedora-gcc | 0.1.6 | 95.74 | OK | |||
r-devel-windows-x86_64 | 0.1.6 | 7.00 | 73.00 | 80.00 | NOTE | |
r-patched-linux-x86_64 | 0.1.6 | 10.80 | 74.35 | 85.15 | OK | |
r-release-linux-x86_64 | 0.1.6 | 5.13 | 74.63 | 79.76 | OK | |
r-release-macos-arm64 | 0.1.6 | 37.00 | OK | |||
r-release-macos-x86_64 | 0.1.6 | 53.00 | OK | |||
r-release-windows-x86_64 | 0.1.6 | 7.00 | 76.00 | 83.00 | OK | |
r-oldrel-macos-arm64 | 0.1.6 | 34.00 | OK | |||
r-oldrel-macos-x86_64 | 0.1.6 | 48.00 | OK | |||
r-oldrel-windows-x86_64 | 0.1.6 | 9.00 | 90.00 | 99.00 | OK |
Version: 0.1.6
Check: Rd cross-references
Result: NOTE
Found the following Rd file(s) with Rd \link{} targets missing package
anchors:
BenchmarkAggr.Rd: data.table
autoplot.BenchmarkAggr.Rd: ggsave
Please provide package anchors for all Rd \link{} targets not in the
package itself and the base packages.
Flavor: r-devel-windows-x86_64