Last updated on 2024-07-17 20:57:05 CEST.
Flavor | Version | Tinstall | Tcheck | Ttotal | Status | Flags |
---|---|---|---|---|---|---|
r-devel-linux-x86_64-debian-clang | 0.1.1 | 3.65 | 62.06 | 65.71 | OK | |
r-devel-linux-x86_64-debian-gcc | 0.1.1 | 3.49 | 45.15 | 48.64 | OK | |
r-devel-linux-x86_64-fedora-clang | 0.1.1 | 86.55 | OK | |||
r-devel-linux-x86_64-fedora-gcc | 0.1.1 | 76.47 | OK | |||
r-devel-windows-x86_64 | 0.1.1 | 5.00 | 63.00 | 68.00 | NOTE | |
r-patched-linux-x86_64 | 0.1.1 | 7.92 | 60.44 | 68.36 | OK | |
r-release-linux-x86_64 | 0.1.1 | 4.39 | 59.73 | 64.12 | OK | |
r-release-macos-arm64 | 0.1.1 | 39.00 | OK | |||
r-release-macos-x86_64 | 0.1.1 | 53.00 | OK | |||
r-release-windows-x86_64 | 0.1.1 | 5.00 | 66.00 | 71.00 | OK | |
r-oldrel-macos-arm64 | 0.1.1 | 43.00 | OK | |||
r-oldrel-macos-x86_64 | 0.1.1 | 96.00 | OK | |||
r-oldrel-windows-x86_64 | 0.1.1 | 6.00 | 74.00 | 80.00 | OK |
Version: 0.1.1
Check: Rd cross-references
Result: NOTE
Found the following Rd file(s) with Rd \link{} targets missing package
anchors:
batchmark.Rd: data.table
Please provide package anchors for all Rd \link{} targets not in the
package itself and the base packages.
Flavor: r-devel-windows-x86_64