Last updated on 2025-05-09 20:49:55 CEST.
Flavor | Version | Tinstall | Tcheck | Ttotal | Status | Flags |
---|---|---|---|---|---|---|
r-devel-linux-x86_64-debian-clang | 0.1.1 | 10.73 | 53.05 | 63.78 | NOTE | |
r-devel-linux-x86_64-debian-gcc | 0.1.1 | 7.06 | 41.38 | 48.44 | NOTE | |
r-devel-linux-x86_64-fedora-clang | 0.1.1 | 95.97 | OK | |||
r-devel-linux-x86_64-fedora-gcc | 0.1.1 | 110.22 | OK | |||
r-devel-windows-x86_64 | 0.1.1 | 11.00 | 66.00 | 77.00 | OK | |
r-patched-linux-x86_64 | 0.1.1 | 8.59 | 49.90 | 58.49 | OK | |
r-release-linux-x86_64 | 0.1.1 | 10.46 | 49.45 | 59.91 | OK | |
r-release-macos-arm64 | 0.1.1 | 52.00 | OK | |||
r-release-macos-x86_64 | 0.1.1 | 82.00 | OK | |||
r-release-windows-x86_64 | 0.1.1 | 11.00 | 67.00 | 78.00 | OK | |
r-oldrel-macos-arm64 | 0.1.1 | 47.00 | OK | |||
r-oldrel-macos-x86_64 | 0.1.1 | 61.00 | OK | |||
r-oldrel-windows-x86_64 | 0.1.1 | 14.00 | 83.00 | 97.00 | OK |
Version: 0.1.1
Check: CRAN incoming feasibility
Result: NOTE
Maintainer: ‘Dmitriy Selivanov <selivanov.dmitriy@gmail.com>’
No Authors@R field in DESCRIPTION.
Please add one, modifying
Authors@R: person(given = "Dmitriy",
family = "Selivanov",
role = c("aut", "cre"),
email = "selivanov.dmitriy@gmail.com")
as necessary.
Flavors: r-devel-linux-x86_64-debian-clang, r-devel-linux-x86_64-debian-gcc