Last updated on 2024-07-17 20:57:04 CEST.
Flavor | Version | Tinstall | Tcheck | Ttotal | Status | Flags |
---|---|---|---|---|---|---|
r-devel-linux-x86_64-debian-clang | 1.1-10 | 11.84 | 62.70 | 74.54 | OK | |
r-devel-linux-x86_64-debian-gcc | 1.1-10 | 9.20 | 43.00 | 52.20 | OK | |
r-devel-linux-x86_64-fedora-clang | 1.1-10 | 92.18 | OK | |||
r-devel-linux-x86_64-fedora-gcc | 1.1-10 | 87.12 | OK | |||
r-devel-windows-x86_64 | 1.1-10 | 10.00 | 59.00 | 69.00 | NOTE | |
r-patched-linux-x86_64 | 1.1-10 | 10.56 | 56.62 | 67.18 | OK | |
r-release-linux-x86_64 | 1.1-10 | 12.71 | 60.14 | 72.85 | OK | |
r-release-macos-arm64 | 1.1-10 | 25.00 | OK | |||
r-release-macos-x86_64 | 1.1-10 | 52.00 | OK | |||
r-release-windows-x86_64 | 1.1-10 | 10.00 | 59.00 | 69.00 | OK | |
r-oldrel-macos-arm64 | 1.1-10 | 26.00 | OK | |||
r-oldrel-macos-x86_64 | 1.1-10 | 43.00 | OK | |||
r-oldrel-windows-x86_64 | 1.1-10 | 11.00 | 68.00 | 79.00 | OK |
Version: 1.1-10
Check: Rd cross-references
Result: NOTE
Found the following Rd file(s) with Rd \link{} targets missing package
anchors:
mix.hist.Rd: histogram
Please provide package anchors for all Rd \link{} targets not in the
package itself and the base packages.
Flavor: r-devel-windows-x86_64