Last updated on 2023-01-26 19:49:32 CET.
Flavor | Version | Tinstall | Tcheck | Ttotal | Status | Flags |
---|---|---|---|---|---|---|
r-devel-linux-x86_64-debian-clang | 1.0.2 | 176.67 | 84.35 | 261.02 | OK | |
r-devel-linux-x86_64-debian-gcc | 1.0.2 | 134.35 | 63.87 | 198.22 | WARN | |
r-devel-linux-x86_64-fedora-clang | 1.0.2 | 386.86 | NOTE | |||
r-devel-linux-x86_64-fedora-gcc | 1.0.2 | 383.08 | WARN | |||
r-patched-linux-x86_64 | 1.0.2 | 147.83 | 83.72 | 231.55 | OK | |
r-release-linux-x86_64 | 1.0.2 | 120.71 | 82.90 | 203.61 | OK | |
r-release-macos-arm64 | 1.0.2 | 85.00 | NOTE | |||
r-release-macos-x86_64 | 1.0.2 | 138.00 | NOTE | |||
r-release-windows-x86_64 | 1.0.2 | 138.00 | 137.00 | 275.00 | OK | |
r-oldrel-macos-arm64 | 1.0.2 | 94.00 | NOTE | |||
r-oldrel-macos-x86_64 | 1.0.2 | 139.00 | NOTE | |||
r-oldrel-windows-ix86+x86_64 | 1.0.2 | 427.00 | 147.00 | 574.00 | OK |
Version: 1.0.2
Check: whether package can be installed
Result: WARN
Found the following significant warnings:
/usr/include/x86_64-linux-gnu/bits/string_fortified.h:59:33: warning: ‘void* __builtin_memset(void*, int, long unsigned int)’ forming offset [176, 183] is out of the bounds [0, 176] of object ‘b’ with type ‘arma::vec’ {aka ‘arma::Col<double>’} [-Warray-bounds]
See ‘/home/hornik/tmp/R.check/r-devel-gcc/Work/PKGS/mixedClust.Rcheck/00install.out’ for details.
* used C++ compiler: ‘g++-12 (Debian 12.2.0-14) 12.2.0’
Flavor: r-devel-linux-x86_64-debian-gcc
Version: 1.0.2
Check: C++ specification
Result: NOTE
Specified C++11: please update to current default of C++17
Flavors: r-devel-linux-x86_64-fedora-clang, r-devel-linux-x86_64-fedora-gcc
Version: 1.0.2
Check: whether package can be installed
Result: WARN
Found the following significant warnings:
/usr/include/bits/string_fortified.h:59:33: warning: ‘void* __builtin_memset(void*, int, long unsigned int)’ forming offset [176, 183] is out of the bounds [0, 176] of object ‘b’ with type ‘arma::vec’ {aka ‘arma::Col<double>’} [-Warray-bounds]
See ‘/data/gannet/ripley/R/packages/tests-devel/mixedClust.Rcheck/00install.out’ for details.
* used C++ compiler: ‘g++ (GCC) 12.2.1 20221121 (Red Hat 12.2.1-4)’
Flavor: r-devel-linux-x86_64-fedora-gcc
Version: 1.0.2
Check: installed package size
Result: NOTE
installed size is 7.5Mb
sub-directories of 1Mb or more:
libs 7.4Mb
Flavors: r-release-macos-arm64, r-release-macos-x86_64, r-oldrel-macos-arm64, r-oldrel-macos-x86_64