CRAN Package Check Results for Package missoNet

Last updated on 2025-05-08 20:49:40 CEST.

Flavor Version Tinstall Tcheck Ttotal Status Flags
r-devel-linux-x86_64-debian-clang 1.2.0 20.15 44.44 64.59 NOTE
r-devel-linux-x86_64-debian-gcc 1.2.0 13.81 36.18 49.99 NOTE
r-devel-linux-x86_64-fedora-clang 1.2.0 123.54 OK
r-devel-linux-x86_64-fedora-gcc 1.2.0 125.15 OK
r-devel-windows-x86_64 1.2.0 27.00 83.00 110.00 NOTE
r-patched-linux-x86_64 1.2.0 21.36 42.34 63.70 NOTE
r-release-linux-x86_64 1.2.0 18.95 42.93 61.88 NOTE
r-release-macos-arm64 1.2.0 53.00 OK
r-release-macos-x86_64 1.2.0 97.00 OK
r-release-windows-x86_64 1.2.0 27.00 81.00 108.00 NOTE
r-oldrel-macos-arm64 1.2.0 38.00 NOTE
r-oldrel-macos-x86_64 1.2.0 59.00 NOTE
r-oldrel-windows-x86_64 1.2.0 31.00 100.00 131.00 OK

Check Details

Version: 1.2.0
Check: Rd cross-references
Result: NOTE Found the following Rd file(s) with Rd \link{} targets missing package anchors: cv.missoNet.Rd: glasso missoNet.Rd: glasso Please provide package anchors for all Rd \link{} targets not in the package itself and the base packages. Flavors: r-devel-linux-x86_64-debian-clang, r-devel-linux-x86_64-debian-gcc, r-devel-windows-x86_64, r-patched-linux-x86_64, r-release-linux-x86_64, r-release-windows-x86_64

Version: 1.2.0
Check: installed package size
Result: NOTE installed size is 5.4Mb sub-directories of 1Mb or more: doc 2.4Mb extdata 1.2Mb libs 1.6Mb Flavors: r-oldrel-macos-arm64, r-oldrel-macos-x86_64