Last updated on 2025-05-03 21:51:24 CEST.
Flavor | Version | Tinstall | Tcheck | Ttotal | Status | Flags |
---|---|---|---|---|---|---|
r-devel-linux-x86_64-debian-clang | 1.19 | 16.98 | 114.64 | 131.62 | NOTE | |
r-devel-linux-x86_64-debian-gcc | 1.19 | 10.32 | 81.70 | 92.02 | NOTE | |
r-devel-linux-x86_64-fedora-clang | 1.19 | 198.38 | OK | |||
r-devel-linux-x86_64-fedora-gcc | 1.19 | 216.86 | OK | |||
r-devel-windows-x86_64 | 1.19 | 18.00 | 126.00 | 144.00 | NOTE | |
r-patched-linux-x86_64 | 1.19 | 15.89 | 108.18 | 124.07 | NOTE | |
r-release-linux-x86_64 | NOTE | |||||
r-release-macos-arm64 | 1.19 | 54.00 | OK | |||
r-release-macos-x86_64 | 1.19 | 121.00 | OK | |||
r-release-windows-x86_64 | 1.19 | 18.00 | 125.00 | 143.00 | NOTE | |
r-oldrel-macos-arm64 | 1.19 | 58.00 | OK | |||
r-oldrel-macos-x86_64 | 1.19 | 87.00 | OK | |||
r-oldrel-windows-x86_64 | 1.19 | 24.00 | 153.00 | 177.00 | OK |
Version: 1.19
Check: CRAN incoming feasibility
Result: NOTE
Maintainer: ‘Francois Husson <francois.husson@institut-agro.fr>’
No Authors@R field in DESCRIPTION.
Please add one, modifying
Authors@R: c(person(given = "Francois",
family = "Husson",
role = c("aut", "cre"),
email = "francois.husson@institut-agro.fr"),
person(given = "Julie",
family = "Josse",
role = "aut"))
as necessary.
Flavors: r-devel-linux-x86_64-debian-clang, r-devel-linux-x86_64-debian-gcc
Version: 1.19
Check: Rd cross-references
Result: NOTE
Found the following Rd file(s) with Rd \link{} targets missing package
anchors:
MIFAMD.Rd: with.mids, pool, summary.mira
MIMCA.Rd: with.mids, pool, summary.mira
MIPCA.Rd: with.mids, pool, summary.mira
prelim.Rd: with.mids, pool, summary.mira
Please provide package anchors for all Rd \link{} targets not in the
package itself and the base packages.
Flavors: r-devel-linux-x86_64-debian-clang, r-devel-linux-x86_64-debian-gcc, r-devel-windows-x86_64, r-patched-linux-x86_64, r-release-linux-x86_64, r-release-windows-x86_64