Last updated on 2025-11-23 20:48:54 CET.
| Flavor | Version | Tinstall | Tcheck | Ttotal | Status | Flags |
|---|---|---|---|---|---|---|
| r-devel-linux-x86_64-debian-clang | 1.0.1 | 5.31 | 58.09 | 63.40 | NOTE | |
| r-devel-linux-x86_64-debian-gcc | 1.0.1 | 4.16 | 42.73 | 46.89 | NOTE | |
| r-devel-linux-x86_64-fedora-clang | 1.0.1 | 12.00 | 88.26 | 100.26 | OK | |
| r-devel-linux-x86_64-fedora-gcc | 1.0.1 | 11.00 | 80.99 | 91.99 | OK | |
| r-devel-windows-x86_64 | 1.0.1 | 9.00 | 67.00 | 76.00 | OK | |
| r-patched-linux-x86_64 | 1.0.1 | 5.17 | 55.24 | 60.41 | OK | |
| r-release-linux-x86_64 | 1.0.1 | 5.32 | 56.60 | 61.92 | OK | |
| r-release-macos-arm64 | 1.0.1 | OK | ||||
| r-release-macos-x86_64 | 1.0.1 | 4.00 | 40.00 | 44.00 | OK | |
| r-release-windows-x86_64 | 1.0.1 | 8.00 | 79.00 | 87.00 | OK | |
| r-oldrel-macos-arm64 | 1.0.1 | OK | ||||
| r-oldrel-macos-x86_64 | 1.0.1 | 4.00 | 32.00 | 36.00 | OK | |
| r-oldrel-windows-x86_64 | 1.0.1 | 9.00 | 83.00 | 92.00 | OK |
Version: 1.0.1
Check: CRAN incoming feasibility
Result: NOTE
Maintainer: ‘Moritz Marbach <moritz.marbach@tamu.edu>’
No Authors@R field in DESCRIPTION.
Please add one, modifying
Authors@R: person(given = "Moritz",
family = "Marbach",
role = c("aut", "cre"),
email = "moritz.marbach@tamu.edu")
as necessary.
The Description field contains
<arXiv:2107.05427>.
Please refer to arXiv e-prints via their arXiv DOI <doi:10.48550/arXiv.YYMM.NNNNN>.
Flavors: r-devel-linux-x86_64-debian-clang, r-devel-linux-x86_64-debian-gcc