Last updated on 2024-07-17 20:57:04 CEST.
Flavor | Version | Tinstall | Tcheck | Ttotal | Status | Flags |
---|---|---|---|---|---|---|
r-devel-linux-x86_64-debian-clang | 0.9-1 | 7.14 | 52.75 | 59.89 | OK | |
r-devel-linux-x86_64-debian-gcc | 0.9-1 | 4.97 | 39.47 | 44.44 | OK | |
r-devel-linux-x86_64-fedora-clang | 0.9-1 | 74.00 | NOTE | |||
r-devel-linux-x86_64-fedora-gcc | 0.9-1 | 72.14 | OK | |||
r-devel-windows-x86_64 | 0.9-1 | 6.00 | 95.00 | 101.00 | OK | |
r-patched-linux-x86_64 | 0.9-1 | 7.46 | 52.37 | 59.83 | OK | |
r-release-linux-x86_64 | 0.9-1 | 6.63 | 50.84 | 57.47 | OK | |
r-release-macos-arm64 | 0.9-1 | 35.00 | OK | |||
r-release-macos-x86_64 | 0.9-1 | 46.00 | OK | |||
r-release-windows-x86_64 | 0.9-1 | 6.00 | 74.00 | 80.00 | OK | |
r-oldrel-macos-arm64 | 0.9-1 | 29.00 | OK | |||
r-oldrel-macos-x86_64 | 0.9-1 | 41.00 | OK | |||
r-oldrel-windows-x86_64 | 0.9-1 | 5.00 | 100.00 | 105.00 | OK |
Version: 0.9-1
Check: Rd cross-references
Result: NOTE
Undeclared package ‘scatterplot3d’ in Rd xrefs
Flavor: r-devel-linux-x86_64-fedora-clang