CRAN Package Check Results for Package misc3d

Last updated on 2022-11-29 20:53:05 CET.

Flavor Version Tinstall Tcheck Ttotal Status Flags
r-devel-linux-x86_64-debian-clang 0.9-1 4.95 50.67 55.62 OK
r-devel-linux-x86_64-debian-gcc 0.9-1 4.47 38.56 43.03 OK
r-devel-linux-x86_64-fedora-clang 0.9-1 79.67 NOTE
r-devel-linux-x86_64-fedora-gcc 0.9-1 77.61 OK
r-devel-windows-x86_64 0.9-1 25.00 93.00 118.00 OK
r-patched-linux-x86_64 0.9-1 6.94 51.89 58.83 OK
r-release-linux-x86_64 0.9-1 6.77 52.28 59.05 OK
r-release-macos-arm64 0.9-1 50.00 OK
r-release-macos-x86_64 0.9-1 53.00 OK
r-release-windows-x86_64 0.9-1 27.00 93.00 120.00 OK
r-oldrel-macos-arm64 0.9-1 48.00 OK
r-oldrel-macos-x86_64 0.9-1 48.00 OK
r-oldrel-windows-ix86+x86_64 0.9-1 11.00 77.00 88.00 OK

Check Details

Version: 0.9-1
Check: Rd cross-references
Result: NOTE
    Undeclared package ‘scatterplot3d’ in Rd xrefs
Flavor: r-devel-linux-x86_64-fedora-clang