Last updated on 2023-11-27 19:52:45 CET.
Flavor | Version | Tinstall | Tcheck | Ttotal | Status | Flags |
---|---|---|---|---|---|---|
r-devel-linux-x86_64-debian-clang | 0.9-1 | 5.50 | 48.34 | 53.84 | OK | |
r-devel-linux-x86_64-debian-gcc | 0.9-1 | 3.72 | 37.13 | 40.85 | OK | |
r-devel-linux-x86_64-fedora-clang | 0.9-1 | 70.96 | NOTE | |||
r-devel-linux-x86_64-fedora-gcc | 0.9-1 | 65.31 | OK | |||
r-devel-windows-x86_64 | 0.9-1 | 5.00 | 82.00 | 87.00 | OK | |
r-patched-linux-x86_64 | 0.9-1 | 6.54 | 47.56 | 54.10 | OK | |
r-release-linux-x86_64 | 0.9-1 | 4.97 | 47.00 | 51.97 | OK | |
r-release-macos-arm64 | 0.9-1 | 29.00 | OK | |||
r-release-macos-x86_64 | 0.9-1 | 41.00 | OK | |||
r-release-windows-x86_64 | 0.9-1 | 5.00 | 78.00 | 83.00 | OK | |
r-oldrel-macos-arm64 | 0.9-1 | 45.00 | OK | |||
r-oldrel-macos-x86_64 | 0.9-1 | 53.00 | OK | |||
r-oldrel-windows-x86_64 | 0.9-1 | 7.00 | 82.00 | 89.00 | OK |
Version: 0.9-1
Check: Rd cross-references
Result: NOTE
Undeclared package ‘scatterplot3d’ in Rd xrefs
Flavor: r-devel-linux-x86_64-fedora-clang