CRAN Package Check Results for Package miniUI

Last updated on 2022-11-29 20:53:05 CET.

Flavor Version Tinstall Tcheck Ttotal Status Flags
r-devel-linux-x86_64-debian-clang 0.1.1.1 3.77 38.48 42.25 NOTE
r-devel-linux-x86_64-debian-gcc 0.1.1.1 2.88 30.01 32.89 NOTE
r-devel-linux-x86_64-fedora-clang 0.1.1.1 62.67 NOTE
r-devel-linux-x86_64-fedora-gcc 0.1.1.1 61.20 NOTE
r-devel-windows-x86_64 0.1.1.1 15.00 64.00 79.00 NOTE
r-patched-linux-x86_64 0.1.1.1 7.15 36.14 43.29 NOTE
r-release-linux-x86_64 0.1.1.1 3.69 36.50 40.19 NOTE
r-release-macos-arm64 0.1.1.1 20.00 NOTE
r-release-macos-x86_64 0.1.1.1 26.00 NOTE
r-release-windows-x86_64 0.1.1.1 12.00 67.00 79.00 NOTE
r-oldrel-macos-arm64 0.1.1.1 23.00 NOTE
r-oldrel-macos-x86_64 0.1.1.1 37.00 NOTE
r-oldrel-windows-ix86+x86_64 0.1.1.1 11.00 65.00 76.00 NOTE

Check Details

Version: 0.1.1.1
Check: LazyData
Result: NOTE
     'LazyData' is specified without a 'data' directory
Flavors: r-devel-linux-x86_64-debian-clang, r-devel-linux-x86_64-debian-gcc, r-devel-linux-x86_64-fedora-clang, r-devel-linux-x86_64-fedora-gcc, r-devel-windows-x86_64, r-patched-linux-x86_64, r-release-linux-x86_64, r-release-macos-arm64, r-release-macos-x86_64, r-release-windows-x86_64, r-oldrel-macos-arm64, r-oldrel-macos-x86_64, r-oldrel-windows-ix86+x86_64