Last updated on 2025-02-06 19:49:29 CET.
Flavor | Version | Tinstall | Tcheck | Ttotal | Status | Flags |
---|---|---|---|---|---|---|
r-devel-linux-x86_64-debian-clang | 0.2.0 | 5.19 | 34.24 | 39.43 | NOTE | |
r-devel-linux-x86_64-debian-gcc | 0.2.0 | 4.41 | 24.86 | 29.27 | NOTE | |
r-devel-linux-x86_64-fedora-clang | 0.2.0 | 64.29 | NOTE | |||
r-devel-linux-x86_64-fedora-gcc | 0.2.0 | 60.71 | NOTE | |||
r-devel-windows-x86_64 | 0.2.0 | 8.00 | 51.00 | 59.00 | NOTE | |
r-patched-linux-x86_64 | 0.2.0 | 5.72 | 32.32 | 38.04 | NOTE | |
r-release-linux-x86_64 | 0.2.0 | 4.35 | 31.76 | 36.11 | NOTE | |
r-release-macos-arm64 | 0.2.0 | 23.00 | NOTE | |||
r-release-macos-x86_64 | 0.2.0 | 31.00 | NOTE | |||
r-release-windows-x86_64 | 0.2.0 | 8.00 | 52.00 | 60.00 | NOTE | |
r-oldrel-macos-arm64 | 0.2.0 | 26.00 | OK | |||
r-oldrel-macos-x86_64 | 0.2.0 | 32.00 | OK | |||
r-oldrel-windows-x86_64 | 0.2.0 | 9.00 | 57.00 | 66.00 | OK |
Version: 0.2.0
Check: Rd files
Result: NOTE
checkRd: (-1) acs2016.Rd:14: Lost braces
14 | \item{BROADBND}{Cellular data plan for a smartphone or other mobile device}{1 yes 2 no}
| ^
checkRd: (-1) acs2016.Rd:21: Lost braces
21 | \item{MHP}{Mobile home costs}{$, yearly}
| ^
Flavors: r-devel-linux-x86_64-debian-clang, r-devel-linux-x86_64-debian-gcc, r-devel-linux-x86_64-fedora-clang, r-devel-linux-x86_64-fedora-gcc, r-devel-windows-x86_64, r-patched-linux-x86_64, r-release-linux-x86_64, r-release-macos-arm64, r-release-macos-x86_64, r-release-windows-x86_64
Version: 0.2.0
Check: dependencies in R code
Result: NOTE
Namespaces in Imports field not imported from:
‘FactoMineR’ ‘softImpute’
All declared Imports should be used.
Flavors: r-devel-linux-x86_64-fedora-clang, r-devel-linux-x86_64-fedora-gcc