Last updated on 2025-04-29 21:49:54 CEST.
Flavor | Version | Tinstall | Tcheck | Ttotal | Status | Flags |
---|---|---|---|---|---|---|
r-devel-linux-x86_64-debian-clang | 0.4.0 | 8.58 | 132.04 | 140.62 | NOTE | |
r-devel-linux-x86_64-debian-gcc | 0.4.0 | 5.05 | 86.96 | 92.01 | NOTE | |
r-devel-linux-x86_64-fedora-clang | 0.4.0 | 227.35 | OK | |||
r-devel-linux-x86_64-fedora-gcc | 0.4.0 | 228.87 | OK | |||
r-devel-windows-x86_64 | 0.4.0 | 10.00 | 141.00 | 151.00 | NOTE | |
r-patched-linux-x86_64 | 0.4.0 | 8.59 | 124.75 | 133.34 | NOTE | |
r-release-linux-x86_64 | 0.4.0 | 7.67 | 124.56 | 132.23 | NOTE | |
r-release-macos-arm64 | 0.4.0 | 54.00 | OK | |||
r-release-macos-x86_64 | 0.4.0 | 118.00 | OK | |||
r-release-windows-x86_64 | 0.4.0 | 10.00 | 143.00 | 153.00 | NOTE | |
r-oldrel-macos-arm64 | 0.4.0 | 57.00 | NOTE | |||
r-oldrel-macos-x86_64 | 0.4.0 | 114.00 | NOTE | |||
r-oldrel-windows-x86_64 | 0.4.0 | 13.00 | 178.00 | 191.00 | NOTE |
Version: 0.4.0
Check: CRAN incoming feasibility
Result: NOTE
Maintainer: ‘Sean Kent <skent259@gmail.com>’
The Description field contains
<arXiv:2206.14704>; Xiao, Liu, and Hao (2018)
Please refer to arXiv e-prints via their arXiv DOI <doi:10.48550/arXiv.YYMM.NNNNN>.
Flavors: r-devel-linux-x86_64-debian-clang, r-devel-linux-x86_64-debian-gcc
Version: 0.4.0
Check: Rd cross-references
Result: NOTE
Found the following Rd file(s) with Rd \link{} targets missing package
anchors:
formatting.Rd: print.tbl
Please provide package anchors for all Rd \link{} targets not in the
package itself and the base packages.
Flavors: r-devel-linux-x86_64-debian-clang, r-devel-linux-x86_64-debian-gcc, r-devel-windows-x86_64, r-patched-linux-x86_64, r-release-linux-x86_64, r-release-windows-x86_64
Version: 0.4.0
Check: examples
Result: NOTE
Examples with CPU (user + system) or elapsed time > 5s
user system elapsed
mismm 6.222 0.121 7.189
Flavor: r-devel-linux-x86_64-debian-clang
Version: 0.4.0
Check: package dependencies
Result: NOTE
Package suggested but not available for checking: ‘gurobi’
Flavors: r-oldrel-macos-arm64, r-oldrel-macos-x86_64, r-oldrel-windows-x86_64