Last updated on 2025-02-20 19:51:37 CET.
Flavor | Version | Tinstall | Tcheck | Ttotal | Status | Flags |
---|---|---|---|---|---|---|
r-devel-linux-x86_64-debian-clang | 0.4.0 | 7.63 | 131.49 | 139.12 | NOTE | |
r-devel-linux-x86_64-debian-gcc | 0.4.0 | 5.34 | 82.02 | 87.36 | NOTE | |
r-devel-linux-x86_64-fedora-clang | 0.4.0 | 241.22 | OK | |||
r-devel-linux-x86_64-fedora-gcc | 0.4.0 | 228.98 | OK | |||
r-devel-macos-arm64 | 0.4.0 | 61.00 | OK | |||
r-devel-macos-x86_64 | 0.4.0 | 118.00 | OK | |||
r-devel-windows-x86_64 | 0.4.0 | 10.00 | 142.00 | 152.00 | NOTE | |
r-patched-linux-x86_64 | 0.4.0 | 12.99 | 122.60 | 135.59 | NOTE | |
r-release-linux-x86_64 | 0.4.0 | 7.58 | 121.74 | 129.32 | NOTE | |
r-release-macos-arm64 | 0.4.0 | 57.00 | NOTE | |||
r-release-macos-x86_64 | 0.4.0 | 114.00 | NOTE | |||
r-release-windows-x86_64 | 0.4.0 | 10.00 | 140.00 | 150.00 | NOTE | |
r-oldrel-macos-arm64 | 0.4.0 | 57.00 | NOTE | |||
r-oldrel-macos-x86_64 | 0.4.0 | 94.00 | NOTE | |||
r-oldrel-windows-x86_64 | 0.4.0 | 13.00 | 180.00 | 193.00 | NOTE |
Version: 0.4.0
Check: Rd cross-references
Result: NOTE
Found the following Rd file(s) with Rd \link{} targets missing package
anchors:
formatting.Rd: print.tbl
Please provide package anchors for all Rd \link{} targets not in the
package itself and the base packages.
Flavors: r-devel-linux-x86_64-debian-clang, r-devel-linux-x86_64-debian-gcc, r-devel-windows-x86_64
Version: 0.4.0
Check: package dependencies
Result: NOTE
Package suggested but not available for checking: ‘gurobi’
Flavors: r-patched-linux-x86_64, r-release-linux-x86_64, r-release-macos-arm64, r-release-macos-x86_64, r-release-windows-x86_64, r-oldrel-macos-arm64, r-oldrel-macos-x86_64, r-oldrel-windows-x86_64