Last updated on 2024-04-18 21:56:57 CEST.
Flavor | Version | Tinstall | Tcheck | Ttotal | Status | Flags |
---|---|---|---|---|---|---|
r-devel-linux-x86_64-debian-clang | 2.0.4 | 7.06 | 51.66 | 58.72 | OK | |
r-devel-linux-x86_64-debian-gcc | 2.0.4 | 3.59 | 39.32 | 42.91 | OK | |
r-devel-linux-x86_64-fedora-clang | 2.0.4 | 71.79 | NOTE | |||
r-devel-linux-x86_64-fedora-gcc | 2.0.4 | 68.31 | NOTE | |||
r-prerel-macos-arm64 | 2.0.4 | 26.00 | OK | |||
r-prerel-windows-x86_64 | 2.0.4 | 8.00 | 67.00 | 75.00 | OK | |
r-patched-linux-x86_64 | 2.0.4 | 6.08 | 50.44 | 56.52 | OK | |
r-release-linux-x86_64 | 2.0.4 | 3.51 | 51.10 | 54.61 | OK | |
r-release-macos-arm64 | 2.0.4 | 24.00 | OK | |||
r-release-macos-x86_64 | 2.0.4 | 74.00 | OK | |||
r-release-windows-x86_64 | 2.0.4 | 9.00 | 78.00 | 87.00 | OK | |
r-oldrel-macos-arm64 | 2.0.4 | 27.00 | OK | |||
r-oldrel-windows-x86_64 | 2.0.4 | 10.00 | 69.00 | 79.00 | OK |
Version: 2.0.4
Check: data for non-ASCII characters
Result: NOTE
Note: found 9 marked UTF-8 strings
Flavors: r-devel-linux-x86_64-fedora-clang, r-devel-linux-x86_64-fedora-gcc