CRAN Package Check Results for Package midas2

Last updated on 2025-11-23 20:48:54 CET.

Flavor Version Tinstall Tcheck Ttotal Status Flags
r-devel-linux-x86_64-debian-clang 1.1.0 2.45 26.25 28.70 NOTE
r-devel-linux-x86_64-debian-gcc 1.1.0 1.73 20.22 21.95 NOTE
r-devel-linux-x86_64-fedora-clang 1.1.0 43.03 OK
r-devel-linux-x86_64-fedora-gcc 1.1.0 40.95 OK
r-devel-windows-x86_64 1.1.0 6.00 43.00 49.00 OK
r-patched-linux-x86_64 1.1.0 2.25 24.90 27.15 OK
r-release-linux-x86_64 1.1.0 2.49 25.01 27.50 OK
r-release-macos-arm64 1.1.0 OK
r-release-macos-x86_64 1.1.0 2.00 32.00 34.00 OK
r-release-windows-x86_64 1.1.0 4.00 50.00 54.00 OK
r-oldrel-macos-arm64 1.1.0 OK
r-oldrel-macos-x86_64 1.1.0 2.00 22.00 24.00 OK
r-oldrel-windows-x86_64 1.1.0 5.00 49.00 54.00 OK

Check Details

Version: 1.1.0
Check: CRAN incoming feasibility
Result: NOTE Maintainer: ‘Su Liwen <cpusullivan@163.com>’ No Authors@R field in DESCRIPTION. Please add one, modifying Authors@R: person(given = "Su", family = "Liwen", role = c("aut", "cre"), email = "cpusullivan@163.com") as necessary. Flavors: r-devel-linux-x86_64-debian-clang, r-devel-linux-x86_64-debian-gcc