Last updated on 2025-02-21 19:50:33 CET.
Flavor | Version | Tinstall | Tcheck | Ttotal | Status | Flags |
---|---|---|---|---|---|---|
r-devel-linux-x86_64-debian-clang | 2.0.44 | 7.91 | 96.24 | 104.15 | OK | |
r-devel-linux-x86_64-debian-gcc | 2.0.44 | 4.91 | 69.43 | 74.34 | OK | |
r-devel-linux-x86_64-fedora-clang | 2.0.44 | 161.42 | OK | |||
r-devel-linux-x86_64-fedora-gcc | 2.0.44 | 187.23 | OK | |||
r-devel-macos-arm64 | 2.0.44 | 53.00 | OK | |||
r-devel-macos-x86_64 | 2.0.44 | 107.00 | OK | |||
r-devel-windows-x86_64 | 2.0.44 | 8.00 | 139.00 | 147.00 | OK | |
r-patched-linux-x86_64 | 2.0.44 | 7.39 | 90.22 | 97.61 | OK | |
r-release-linux-x86_64 | 2.0.44 | 7.39 | 90.96 | 98.35 | OK | |
r-release-macos-arm64 | 2.0.44 | 50.00 | OK | |||
r-release-macos-x86_64 | 2.0.44 | 96.00 | NOTE | |||
r-release-windows-x86_64 | 2.0.44 | 8.00 | 137.00 | 145.00 | OK | |
r-oldrel-macos-arm64 | 2.0.44 | 49.00 | OK | |||
r-oldrel-macos-x86_64 | 2.0.44 | 139.00 | NOTE | |||
r-oldrel-windows-x86_64 | 2.0.44 | 11.00 | 149.00 | 160.00 | OK |
Version: 2.0.44
Check: installed package size
Result: NOTE
installed size is 5.5Mb
sub-directories of 1Mb or more:
data 2.9Mb
doc 1.7Mb
Flavors: r-release-macos-x86_64, r-oldrel-macos-x86_64