Last updated on 2024-04-18 21:56:56 CEST.
Flavor | Version | Tinstall | Tcheck | Ttotal | Status | Flags |
---|---|---|---|---|---|---|
r-devel-linux-x86_64-debian-clang | 1.0.1 | 2.86 | 39.77 | 42.63 | NOTE | |
r-devel-linux-x86_64-debian-gcc | 1.0.1 | 2.20 | 29.54 | 31.74 | NOTE | |
r-devel-linux-x86_64-fedora-clang | 1.0.1 | 57.43 | NOTE | |||
r-devel-linux-x86_64-fedora-gcc | 1.0.1 | 67.32 | NOTE | |||
r-prerel-macos-arm64 | 1.0.1 | 29.00 | NOTE | |||
r-prerel-windows-x86_64 | 1.0.1 | 6.00 | 64.00 | 70.00 | NOTE | |
r-patched-linux-x86_64 | 1.0.1 | 2.49 | 39.27 | 41.76 | NOTE | |
r-release-linux-x86_64 | 1.0.1 | 1.78 | 36.10 | 37.88 | NOTE | |
r-release-macos-arm64 | 1.0.1 | 28.00 | NOTE | |||
r-release-macos-x86_64 | 1.0.1 | 41.00 | NOTE | |||
r-release-windows-x86_64 | 1.0.1 | 5.00 | 67.00 | 72.00 | NOTE | |
r-oldrel-macos-arm64 | 1.0.1 | 23.00 | NOTE | |||
r-oldrel-windows-x86_64 | 1.0.1 | 6.00 | 71.00 | 77.00 | NOTE |
Version: 1.0.1
Check: LazyData
Result: NOTE
'LazyData' is specified without a 'data' directory
Flavors: r-devel-linux-x86_64-debian-clang, r-devel-linux-x86_64-debian-gcc, r-devel-linux-x86_64-fedora-clang, r-devel-linux-x86_64-fedora-gcc, r-prerel-macos-arm64, r-prerel-windows-x86_64, r-patched-linux-x86_64, r-release-linux-x86_64, r-release-macos-arm64, r-release-macos-x86_64, r-release-windows-x86_64, r-oldrel-macos-arm64, r-oldrel-windows-x86_64
Version: 1.0.1
Check: dependencies in R code
Result: NOTE
Namespaces in Imports field not imported from:
‘DT’ ‘ggiraph’ ‘ggplot2’ ‘grid’ ‘gtools’ ‘scales’ ‘shinyBS’
‘shinyWidgets’ ‘tidyr’
All declared Imports should be used.
Flavors: r-devel-linux-x86_64-fedora-clang, r-devel-linux-x86_64-fedora-gcc, r-oldrel-macos-arm64