CRAN Package Check Results for Package miceadds

Last updated on 2022-12-03 23:01:33 CET.

Flavor Version Tinstall Tcheck Ttotal Status Flags
r-devel-linux-x86_64-debian-clang 3.15-21 157.92 166.39 324.31 OK
r-devel-linux-x86_64-debian-gcc 3.15-21 123.72 121.33 245.05 OK
r-devel-linux-x86_64-fedora-clang 3.15-21 485.77 OK
r-devel-linux-x86_64-fedora-gcc 3.15-21 424.68 OK
r-devel-windows-x86_64 3.15-21 260.00 251.00 511.00 OK
r-patched-linux-x86_64 3.15-21 136.89 147.46 284.35 OK
r-release-linux-x86_64 3.15-21 116.16 152.25 268.41 OK
r-release-macos-arm64 3.15-21 107.00 NOTE
r-release-macos-x86_64 3.15-21 151.00 NOTE
r-release-windows-x86_64 3.15-21 251.00 240.00 491.00 OK
r-oldrel-macos-arm64 3.15-21 94.00 NOTE
r-oldrel-macos-x86_64 3.15-21 153.00 NOTE
r-oldrel-windows-ix86+x86_64 3.15-21 366.00 229.00 595.00 OK

Check Details

Version: 3.15-21
Check: installed package size
Result: NOTE
     installed size is 7.6Mb
     sub-directories of 1Mb or more:
     libs 6.0Mb
Flavors: r-release-macos-arm64, r-release-macos-x86_64, r-oldrel-macos-arm64, r-oldrel-macos-x86_64