Last updated on 2025-11-23 20:48:54 CET.
| Flavor | Version | Tinstall | Tcheck | Ttotal | Status | Flags |
|---|---|---|---|---|---|---|
| r-devel-linux-x86_64-debian-clang | 1.5.0 | 14.13 | 124.34 | 138.47 | NOTE | |
| r-devel-linux-x86_64-debian-gcc | 1.5.0 | 9.54 | 88.35 | 97.89 | NOTE | |
| r-devel-linux-x86_64-fedora-clang | 1.5.0 | 31.00 | 183.53 | 214.53 | OK | |
| r-devel-linux-x86_64-fedora-gcc | 1.5.0 | 31.00 | 185.41 | 216.41 | OK | |
| r-devel-windows-x86_64 | 1.5.0 | 21.00 | 125.00 | 146.00 | OK | |
| r-patched-linux-x86_64 | 1.5.0 | 12.45 | 116.88 | 129.33 | OK | |
| r-release-linux-x86_64 | 1.5.0 | 13.39 | 116.50 | 129.89 | OK | |
| r-release-macos-arm64 | 1.5.0 | OK | ||||
| r-release-macos-x86_64 | 1.5.0 | 10.00 | 97.00 | 107.00 | OK | |
| r-release-windows-x86_64 | 1.5.0 | 17.00 | 122.00 | 139.00 | OK | |
| r-oldrel-macos-arm64 | 1.5.0 | OK | ||||
| r-oldrel-macos-x86_64 | 1.5.0 | 8.00 | 85.00 | 93.00 | OK | |
| r-oldrel-windows-x86_64 | 1.5.0 | 21.00 | 157.00 | 178.00 | OK |
Version: 1.5.0
Check: CRAN incoming feasibility
Result: NOTE
Maintainer: ‘Sam Wilson <samwilson303@gmail.com>’
The Description field contains
model by Stekhoven and Buhlmann <arXiv:1105.0828> to impute missing
Please refer to arXiv e-prints via their arXiv DOI <doi:10.48550/arXiv.YYMM.NNNNN>.
Flavors: r-devel-linux-x86_64-debian-clang, r-devel-linux-x86_64-debian-gcc