Last updated on 2024-07-17 20:57:04 CEST.
Flavor | Version | Tinstall | Tcheck | Ttotal | Status | Flags |
---|---|---|---|---|---|---|
r-devel-linux-x86_64-debian-clang | 1.0.2 | 6.07 | 85.01 | 91.08 | NOTE | |
r-devel-linux-x86_64-debian-gcc | 1.0.2 | 6.29 | 60.68 | 66.97 | NOTE | |
r-devel-linux-x86_64-fedora-clang | 1.0.2 | 110.62 | NOTE | |||
r-devel-linux-x86_64-fedora-gcc | 1.0.2 | 115.58 | NOTE | |||
r-devel-windows-x86_64 | 1.0.2 | 8.00 | 84.00 | 92.00 | NOTE | |
r-patched-linux-x86_64 | 1.0.2 | 8.70 | 80.03 | 88.73 | NOTE | |
r-release-linux-x86_64 | 1.0.2 | 8.47 | 81.61 | 90.08 | NOTE | |
r-release-macos-arm64 | 1.0.2 | 32.00 | NOTE | |||
r-release-macos-x86_64 | 1.0.2 | 56.00 | NOTE | |||
r-release-windows-x86_64 | 1.0.2 | 8.00 | 83.00 | 91.00 | NOTE | |
r-oldrel-macos-arm64 | 1.0.2 | 38.00 | OK | |||
r-oldrel-macos-x86_64 | 1.0.2 | 69.00 | OK | |||
r-oldrel-windows-x86_64 | 1.0.2 | 10.00 | 93.00 | 103.00 | OK |
Version: 1.0.2
Check: Rd files
Result: NOTE
checkRd: (-1) sim.data.Rd:11: Lost braces in \enumerate; meant \describe ?
checkRd: (-1) sim.data.Rd:12: Lost braces in \enumerate; meant \describe ?
checkRd: (-1) sim.data.Rd:13: Lost braces in \enumerate; meant \describe ?
checkRd: (-1) sim.data.Rd:14: Lost braces in \enumerate; meant \describe ?
checkRd: (-1) sim.data.Rd:15: Lost braces in \enumerate; meant \describe ?
checkRd: (-1) sim.data.Rd:16: Lost braces in \enumerate; meant \describe ?
checkRd: (-1) sim.data.Rd:17: Lost braces in \enumerate; meant \describe ?
checkRd: (-1) sim.data.Rd:18: Lost braces in \enumerate; meant \describe ?
checkRd: (-1) sim.data.Rd:19: Lost braces in \enumerate; meant \describe ?
checkRd: (-1) sim.data.Rd:20: Lost braces in \enumerate; meant \describe ?
checkRd: (-1) sim.data.Rd:21: Lost braces in \enumerate; meant \describe ?
checkRd: (-1) sim.data.Rd:22: Lost braces in \enumerate; meant \describe ?
checkRd: (-1) sim.data.Rd:23: Lost braces in \enumerate; meant \describe ?
checkRd: (-1) sim.data.Rd:24: Lost braces in \enumerate; meant \describe ?
checkRd: (-1) sim.data.Rd:25: Lost braces in \enumerate; meant \describe ?
checkRd: (-1) sim.data.Rd:26: Lost braces in \enumerate; meant \describe ?
checkRd: (-1) sim.data.Rd:27: Lost braces in \enumerate; meant \describe ?
Flavors: r-devel-linux-x86_64-debian-clang, r-devel-linux-x86_64-debian-gcc, r-devel-linux-x86_64-fedora-clang, r-devel-linux-x86_64-fedora-gcc, r-devel-windows-x86_64, r-patched-linux-x86_64, r-release-linux-x86_64, r-release-macos-arm64, r-release-macos-x86_64, r-release-windows-x86_64