Last updated on 2023-01-27 20:49:16 CET.
Flavor | Version | Tinstall | Tcheck | Ttotal | Status | Flags |
---|---|---|---|---|---|---|
r-devel-linux-x86_64-debian-clang | 1.0 | 3.89 | 61.64 | 65.53 | NOTE | |
r-devel-linux-x86_64-debian-gcc | 1.0 | 3.14 | 48.05 | 51.19 | NOTE | |
r-devel-linux-x86_64-fedora-clang | 1.0 | 83.57 | NOTE | |||
r-devel-linux-x86_64-fedora-gcc | 1.0 | 93.39 | NOTE | |||
r-patched-linux-x86_64 | 1.0 | 4.26 | 59.61 | 63.87 | NOTE | |
r-release-linux-x86_64 | 1.0 | 2.72 | 63.02 | 65.74 | NOTE | |
r-release-macos-arm64 | 1.0 | 37.00 | NOTE | |||
r-release-macos-x86_64 | 1.0 | 51.00 | NOTE | |||
r-release-windows-x86_64 | 1.0 | 21.00 | 109.00 | 130.00 | OK | |
r-oldrel-macos-arm64 | 1.0 | 29.00 | NOTE | |||
r-oldrel-macos-x86_64 | 1.0 | 49.00 | NOTE | |||
r-oldrel-windows-ix86+x86_64 | 1.0 | 10.00 | 93.00 | 103.00 | OK |
Version: 1.0
Check: Rd cross-references
Result: NOTE
Package unavailable to check Rd xrefs: ‘DAPAR’
Flavors: r-devel-linux-x86_64-debian-clang, r-devel-linux-x86_64-debian-gcc, r-devel-linux-x86_64-fedora-gcc, r-patched-linux-x86_64, r-release-linux-x86_64, r-release-macos-arm64, r-release-macos-x86_64, r-oldrel-macos-arm64, r-oldrel-macos-x86_64
Version: 1.0
Check: package dependencies
Result: NOTE
Package suggested but not available for checking: ‘ProteoMM’
Flavors: r-devel-linux-x86_64-fedora-clang, r-devel-linux-x86_64-fedora-gcc, r-release-macos-arm64, r-release-macos-x86_64, r-oldrel-macos-arm64, r-oldrel-macos-x86_64
Version: 1.0
Check: Rd cross-references
Result: NOTE
Undeclared package ‘DAPAR’ in Rd xrefs
Package unavailable to check Rd xrefs: ‘DAPAR’
Flavor: r-devel-linux-x86_64-fedora-clang