CRAN Package Check Results for Package mi4p

Last updated on 2024-02-25 19:50:03 CET.

Flavor Version Tinstall Tcheck Ttotal Status Flags
r-devel-linux-x86_64-debian-clang 1.1 3.28 60.81 64.09 OK
r-devel-linux-x86_64-debian-gcc 1.1 3.32 46.05 49.37 NOTE
r-devel-linux-x86_64-fedora-clang 1.1 80.15 NOTE
r-devel-linux-x86_64-fedora-gcc 1.1 89.73 NOTE
r-devel-windows-x86_64 1.1 6.00 78.00 84.00 OK
r-patched-linux-x86_64 1.1 3.33 60.35 63.68 OK
r-release-linux-x86_64 1.1 4.30 60.82 65.12 NOTE
r-release-macos-arm64 1.1 40.00 NOTE
r-release-macos-x86_64 1.1 55.00 NOTE
r-release-windows-x86_64 1.1 9.00 93.00 102.00 OK
r-oldrel-macos-arm64 1.1 24.00 NOTE
r-oldrel-windows-x86_64 1.1 8.00 91.00 99.00 OK

Check Details

Version: 1.1
Check: package dependencies
Result: NOTE Package suggested but not available for checking: ‘DAPAR’ Flavors: r-devel-linux-x86_64-debian-gcc, r-release-linux-x86_64

Version: 1.1
Check: package dependencies
Result: NOTE Packages suggested but not available for checking: 'DAPAR', 'ProteoMM' Flavors: r-devel-linux-x86_64-fedora-clang, r-devel-linux-x86_64-fedora-gcc, r-release-macos-arm64, r-release-macos-x86_64, r-oldrel-macos-arm64