Last updated on 2025-11-23 20:48:54 CET.
| Flavor | Version | Tinstall | Tcheck | Ttotal | Status | Flags |
|---|---|---|---|---|---|---|
| r-devel-linux-x86_64-debian-clang | 1.3.3 | 5.91 | 103.82 | 109.73 | OK | |
| r-devel-linux-x86_64-debian-gcc | 1.3.3 | 4.11 | 68.44 | 72.55 | OK | |
| r-devel-linux-x86_64-fedora-clang | 1.3.3 | 12.00 | 163.71 | 175.71 | OK | |
| r-devel-linux-x86_64-fedora-gcc | 1.3.3 | 13.00 | 167.49 | 180.49 | OK | |
| r-devel-windows-x86_64 | 1.3.3 | 10.00 | 113.00 | 123.00 | OK | |
| r-patched-linux-x86_64 | 1.3.3 | 5.61 | 99.10 | 104.71 | OK | |
| r-release-linux-x86_64 | 1.3.3 | 5.70 | 99.05 | 104.75 | OK | |
| r-release-macos-arm64 | 1.3.3 | OK | ||||
| r-release-macos-x86_64 | 1.3.3 | 4.00 | 74.00 | 78.00 | OK | |
| r-release-windows-x86_64 | 1.3.3 | 8.00 | 109.00 | 117.00 | OK | |
| r-oldrel-macos-arm64 | 1.3.3 | NOTE | ||||
| r-oldrel-macos-x86_64 | 1.3.3 | 4.00 | 96.00 | 100.00 | NOTE | |
| r-oldrel-windows-x86_64 | 1.3.3 | 11.00 | 146.00 | 157.00 | NOTE |
Version: 1.3.3
Check: LazyData
Result: NOTE
'LazyData' is specified without a 'data' directory
Flavors: r-oldrel-macos-arm64, r-oldrel-macos-x86_64, r-oldrel-windows-x86_64