Last updated on 2024-03-28 19:48:37 CET.
Flavor | Version | Tinstall | Tcheck | Ttotal | Status | Flags |
---|---|---|---|---|---|---|
r-devel-linux-x86_64-debian-clang | 1.0.5 | 109.44 | 607.35 | 716.79 | OK | |
r-devel-linux-x86_64-debian-gcc | 1.0.5 | 89.28 | 443.13 | 532.41 | OK | |
r-devel-linux-x86_64-fedora-clang | 1.0.5 | 929.36 | OK | |||
r-devel-linux-x86_64-fedora-gcc | 1.0.5 | 951.34 | OK | |||
r-devel-windows-x86_64 | 1.0.5 | 78.00 | 395.00 | 473.00 | OK | |
r-patched-linux-x86_64 | 1.0.5 | 75.01 | 573.56 | 648.57 | OK | |
r-release-linux-x86_64 | 1.0.5 | 74.35 | 571.54 | 645.89 | OK | |
r-release-macos-arm64 | 1.0.5 | 205.00 | NOTE | |||
r-release-macos-x86_64 | 1.0.5 | 507.00 | NOTE | |||
r-release-windows-x86_64 | 1.0.5 | 106.00 | 558.00 | 664.00 | OK | |
r-oldrel-macos-arm64 | 1.0.5 | 202.00 | NOTE | |||
r-oldrel-windows-x86_64 | 1.0.5 | 102.00 | 524.00 | 626.00 | OK |
Version: 1.0.5
Check: installed package size
Result: NOTE
installed size is 19.7Mb
sub-directories of 1Mb or more:
doc 1.7Mb
libs 17.0Mb
Flavors: r-release-macos-arm64, r-release-macos-x86_64, r-oldrel-macos-arm64