Last updated on 2024-04-23 20:52:10 CEST.
Flavor | Version | Tinstall | Tcheck | Ttotal | Status | Flags |
---|---|---|---|---|---|---|
r-devel-linux-x86_64-debian-clang | 1.2 | 30.23 | 78.48 | 108.71 | NOTE | |
r-devel-linux-x86_64-debian-gcc | 1.2 | 19.35 | 57.80 | 77.15 | NOTE | |
r-devel-linux-x86_64-fedora-clang | 1.2 | 137.79 | NOTE | |||
r-devel-linux-x86_64-fedora-gcc | 1.2 | 135.89 | NOTE | |||
r-prerel-macos-arm64 | 1.2 | 39.00 | NOTE | |||
r-prerel-windows-x86_64 | 1.2 | 23.00 | 87.00 | 110.00 | NOTE | |
r-patched-linux-x86_64 | 1.2 | 29.24 | 74.18 | 103.42 | NOTE | |
r-release-linux-x86_64 | 1.2 | 22.79 | 74.73 | 97.52 | NOTE | |
r-release-macos-arm64 | 1.2 | 47.00 | NOTE | |||
r-release-macos-x86_64 | 1.2 | 69.00 | NOTE | |||
r-release-windows-x86_64 | 1.2 | 30.00 | 106.00 | 136.00 | NOTE | |
r-oldrel-macos-arm64 | 1.2 | 40.00 | OK | |||
r-oldrel-windows-x86_64 | 1.2 | 29.00 | 108.00 | 137.00 | OK |
Version: 1.2
Check: C++ specification
Result: NOTE
Specified C++14: please drop specification unless essential
Flavors: r-devel-linux-x86_64-debian-clang, r-devel-linux-x86_64-debian-gcc, r-devel-linux-x86_64-fedora-clang, r-devel-linux-x86_64-fedora-gcc, r-prerel-macos-arm64, r-prerel-windows-x86_64, r-patched-linux-x86_64, r-release-linux-x86_64, r-release-macos-arm64, r-release-macos-x86_64, r-release-windows-x86_64