CRAN Package Check Results for Package mgcViz

Last updated on 2022-12-02 20:53:19 CET.

Flavor Version Tinstall Tcheck Ttotal Status Flags
r-devel-linux-x86_64-debian-clang 0.1.9 21.92 327.31 349.23 OK
r-devel-linux-x86_64-debian-gcc 0.1.9 19.33 238.77 258.10 OK
r-devel-linux-x86_64-fedora-clang 0.1.9 431.19 NOTE
r-devel-linux-x86_64-fedora-gcc 0.1.9 421.93 OK
r-devel-windows-x86_64 0.1.9 76.00 478.00 554.00 NOTE
r-patched-linux-x86_64 0.1.9 29.06 306.33 335.39 OK
r-release-linux-x86_64 0.1.9 19.88 311.50 331.38 OK
r-release-macos-arm64 0.1.9 121.00 NOTE
r-release-macos-x86_64 0.1.9 192.00 NOTE
r-release-windows-x86_64 0.1.9 75.00 517.00 592.00 NOTE
r-oldrel-macos-arm64 0.1.9 114.00 NOTE
r-oldrel-macos-x86_64 0.1.9 133.00 NOTE
r-oldrel-windows-ix86+x86_64 0.1.9 46.00 491.00 537.00 NOTE

Check Details

Version: 0.1.9
Check: installed package size
Result: NOTE
     installed size is 5.3Mb
     sub-directories of 1Mb or more:
     doc 4.6Mb
Flavors: r-devel-linux-x86_64-fedora-clang, r-devel-windows-x86_64, r-release-macos-arm64, r-release-macos-x86_64, r-release-windows-x86_64, r-oldrel-macos-arm64, r-oldrel-macos-x86_64, r-oldrel-windows-ix86+x86_64

Version: 0.1.9
Check: package dependencies
Result: NOTE
    Package suggested but not available for checking: ‘webshot2’
Flavors: r-release-macos-arm64, r-release-macos-x86_64, r-oldrel-macos-arm64, r-oldrel-macos-x86_64