Last updated on 2024-08-15 20:48:20 CEST.
Flavor | Version | Tinstall | Tcheck | Ttotal | Status | Flags |
---|---|---|---|---|---|---|
r-devel-linux-x86_64-debian-clang | 0.9.3 | 4.46 | 42.25 | 46.71 | OK | |
r-devel-linux-x86_64-debian-gcc | 0.9.3 | 3.37 | 30.92 | 34.29 | OK | |
r-devel-linux-x86_64-fedora-clang | 0.9.3 | 74.49 | NOTE | |||
r-devel-linux-x86_64-fedora-gcc | 0.9.3 | 69.27 | NOTE | |||
r-devel-windows-x86_64 | 0.9.3 | 7.00 | 70.00 | 77.00 | OK | |
r-patched-linux-x86_64 | 0.9.3 | 5.41 | 40.20 | 45.61 | OK | |
r-release-linux-x86_64 | 0.9.3 | 4.66 | 40.60 | 45.26 | OK | |
r-release-macos-arm64 | 0.9.3 | 32.00 | OK | |||
r-release-macos-x86_64 | 0.9.3 | 43.00 | OK | |||
r-release-windows-x86_64 | 0.9.3 | 7.00 | 71.00 | 78.00 | OK | |
r-oldrel-macos-arm64 | 0.9.3 | 34.00 | OK | |||
r-oldrel-macos-x86_64 | 0.9.3 | 55.00 | OK | |||
r-oldrel-windows-x86_64 | 0.9.3 | 8.00 | 76.00 | 84.00 | OK |
Version: 0.9.3
Check: data for non-ASCII characters
Result: NOTE
Note: found 1 marked UTF-8 string
Flavors: r-devel-linux-x86_64-fedora-clang, r-devel-linux-x86_64-fedora-gcc