Last updated on 2023-06-05 21:59:11 CEST.
Flavor | Version | Tinstall | Tcheck | Ttotal | Status | Flags |
---|---|---|---|---|---|---|
r-devel-linux-x86_64-debian-clang | 1.0.0 | 4.42 | 53.05 | 57.47 | NOTE | |
r-devel-linux-x86_64-debian-gcc | 1.0.0 | 3.30 | 40.27 | 43.57 | NOTE | |
r-devel-linux-x86_64-fedora-clang | 1.0.0 | 71.08 | NOTE | |||
r-devel-linux-x86_64-fedora-gcc | 1.0.0 | 67.14 | NOTE | |||
r-devel-windows-x86_64 | 1.0.0 | 7.00 | 65.00 | 72.00 | NOTE | |
r-patched-linux-x86_64 | 1.0.0 | 5.11 | 50.10 | 55.21 | NOTE | |
r-release-linux-x86_64 | 1.0.0 | 3.17 | 50.38 | 53.55 | NOTE | |
r-release-macos-arm64 | 1.0.0 | 25.00 | NOTE | |||
r-release-macos-x86_64 | 1.0.0 | 37.00 | NOTE | |||
r-release-windows-x86_64 | 1.0.0 | 7.00 | 76.00 | 83.00 | NOTE | |
r-oldrel-macos-arm64 | 1.0.0 | 23.00 | NOTE | |||
r-oldrel-macos-x86_64 | 1.0.0 | 37.00 | NOTE | |||
r-oldrel-windows-x86_64 | 1.0.0 | 7.00 | 69.00 | 76.00 | NOTE |
Version: 1.0.0
Check: LazyData
Result: NOTE
'LazyData' is specified without a 'data' directory
Flavors: r-devel-linux-x86_64-debian-clang, r-devel-linux-x86_64-debian-gcc, r-devel-linux-x86_64-fedora-clang, r-devel-linux-x86_64-fedora-gcc, r-devel-windows-x86_64, r-patched-linux-x86_64, r-release-linux-x86_64, r-release-macos-arm64, r-release-macos-x86_64, r-release-windows-x86_64, r-oldrel-macos-arm64, r-oldrel-macos-x86_64, r-oldrel-windows-x86_64