Last updated on 2025-02-20 19:51:37 CET.
Flavor | Version | Tinstall | Tcheck | Ttotal | Status | Flags |
---|---|---|---|---|---|---|
r-devel-linux-x86_64-debian-clang | 2.0.0 | 10.31 | 245.40 | 255.71 | OK | |
r-devel-linux-x86_64-debian-gcc | 2.0.0 | 7.37 | 176.71 | 184.08 | OK | |
r-devel-linux-x86_64-fedora-clang | 2.0.0 | 414.59 | OK | |||
r-devel-linux-x86_64-fedora-gcc | 2.0.0 | 469.50 | OK | |||
r-devel-macos-arm64 | 2.0.0 | 121.00 | OK | |||
r-devel-macos-x86_64 | 2.0.0 | 320.00 | OK | |||
r-devel-windows-x86_64 | 2.0.0 | 15.00 | 303.00 | 318.00 | OK | |
r-patched-linux-x86_64 | 2.0.0 | 13.35 | 247.18 | 260.53 | OK | |
r-release-linux-x86_64 | 2.0.0 | 10.26 | 245.51 | 255.77 | OK | |
r-release-macos-arm64 | 2.0.0 | 156.00 | OK | |||
r-release-macos-x86_64 | 2.0.0 | 307.00 | OK | |||
r-release-windows-x86_64 | 2.0.0 | 14.00 | 300.00 | 314.00 | OK | |
r-oldrel-macos-arm64 | 1.1.2 | 160.00 | NOTE | |||
r-oldrel-macos-x86_64 | 2.0.0 | 250.00 | NOTE | |||
r-oldrel-windows-x86_64 | 2.0.0 | 17.00 | 392.00 | 409.00 | OK |
Version: 1.1.2
Check: package dependencies
Result: NOTE
Package suggested but not available for checking: ‘InteractiveComplexHeatmap’
Flavor: r-oldrel-macos-arm64
Version: 2.0.0
Check: package dependencies
Result: NOTE
Package suggested but not available for checking: ‘InteractiveComplexHeatmap’
Flavor: r-oldrel-macos-x86_64