Last updated on 2024-07-17 20:57:04 CEST.
Flavor | Version | Tinstall | Tcheck | Ttotal | Status | Flags |
---|---|---|---|---|---|---|
r-devel-linux-x86_64-debian-clang | 1.2.2 | 12.22 | 80.58 | 92.80 | OK | |
r-devel-linux-x86_64-debian-gcc | 1.2.2 | 8.85 | 59.36 | 68.21 | OK | |
r-devel-linux-x86_64-fedora-clang | 1.2.2 | 122.78 | NOTE | |||
r-devel-linux-x86_64-fedora-gcc | 1.2.2 | 108.38 | NOTE | |||
r-devel-windows-x86_64 | 1.2.2 | 12.00 | 77.00 | 89.00 | OK | |
r-patched-linux-x86_64 | 1.2.2 | 7.54 | 77.43 | 84.97 | OK | |
r-release-linux-x86_64 | 1.2.2 | 7.79 | 75.80 | 83.59 | OK | |
r-release-macos-arm64 | 1.2.2 | 33.00 | OK | |||
r-release-macos-x86_64 | 1.2.2 | 47.00 | OK | |||
r-release-windows-x86_64 | 1.2.2 | 12.00 | 77.00 | 89.00 | OK | |
r-oldrel-macos-arm64 | 1.2.2 | 36.00 | OK | |||
r-oldrel-macos-x86_64 | 1.2.2 | 56.00 | OK | |||
r-oldrel-windows-x86_64 | 1.2.2 | 15.00 | 89.00 | 104.00 | OK |
Version: 1.2.2
Check: dependencies in R code
Result: NOTE
Namespaces in Imports field not imported from:
‘ade4’ ‘dendextend’ ‘ggforce’ ‘ggrepel’ ‘stringr’ ‘tidyverse’
All declared Imports should be used.
Flavors: r-devel-linux-x86_64-fedora-clang, r-devel-linux-x86_64-fedora-gcc