Last updated on 2023-01-26 19:49:32 CET.
Flavor | Version | Tinstall | Tcheck | Ttotal | Status | Flags |
---|---|---|---|---|---|---|
r-devel-linux-x86_64-debian-clang | 1.2.2 | 11.48 | 85.34 | 96.82 | OK | |
r-devel-linux-x86_64-debian-gcc | 1.2.2 | 9.91 | 60.02 | 69.93 | OK | |
r-devel-linux-x86_64-fedora-clang | 1.2.2 | 115.98 | NOTE | |||
r-devel-linux-x86_64-fedora-gcc | 1.2.2 | 110.85 | NOTE | |||
r-patched-linux-x86_64 | 1.2.2 | 11.64 | 79.39 | 91.03 | OK | |
r-release-linux-x86_64 | 1.2.2 | 8.13 | 81.05 | 89.18 | OK | |
r-release-macos-arm64 | 1.2.2 | 32.00 | NOTE | |||
r-release-macos-x86_64 | 1.2.2 | 51.00 | NOTE | |||
r-release-windows-x86_64 | 1.2.2 | 25.00 | 107.00 | 132.00 | OK | |
r-oldrel-macos-arm64 | 1.2.2 | 39.00 | NOTE | |||
r-oldrel-macos-x86_64 | 1.2.2 | 61.00 | NOTE | |||
r-oldrel-windows-ix86+x86_64 | 1.2.2 | 26.00 | 105.00 | 131.00 | OK |
Version: 1.2.2
Check: dependencies in R code
Result: NOTE
Namespaces in Imports field not imported from:
‘ade4’ ‘dendextend’ ‘ggforce’ ‘ggrepel’ ‘stringr’ ‘tidyverse’
All declared Imports should be used.
Flavors: r-devel-linux-x86_64-fedora-clang, r-devel-linux-x86_64-fedora-gcc, r-release-macos-arm64, r-release-macos-x86_64, r-oldrel-macos-arm64, r-oldrel-macos-x86_64