Last updated on 2024-04-23 20:52:09 CEST.
Flavor | Version | Tinstall | Tcheck | Ttotal | Status | Flags |
---|---|---|---|---|---|---|
r-devel-linux-x86_64-debian-clang | 0.2.2 | 8.88 | 93.76 | 102.64 | NOTE | |
r-devel-linux-x86_64-debian-gcc | 0.2.2 | 4.23 | 70.98 | 75.21 | NOTE | |
r-devel-linux-x86_64-fedora-clang | 0.2.2 | 127.95 | NOTE | |||
r-devel-linux-x86_64-fedora-gcc | 0.2.2 | 134.50 | NOTE | |||
r-prerel-macos-arm64 | 0.2.2 | 39.00 | NOTE | |||
r-prerel-windows-x86_64 | 0.2.2 | 7.00 | 74.00 | 81.00 | NOTE | |
r-patched-linux-x86_64 | 0.2.2 | 4.74 | 90.47 | 95.21 | NOTE | |
r-release-linux-x86_64 | 0.2.2 | 4.71 | 87.28 | 91.99 | NOTE | |
r-release-macos-arm64 | 0.2.2 | 47.00 | NOTE | |||
r-release-macos-x86_64 | 0.2.2 | 66.00 | NOTE | |||
r-release-windows-x86_64 | 0.2.2 | 9.00 | 84.00 | 93.00 | NOTE | |
r-oldrel-macos-arm64 | 0.2.2 | 36.00 | NOTE | |||
r-oldrel-windows-x86_64 | 0.2.2 | 9.00 | 91.00 | 100.00 | NOTE |
Version: 0.2.2
Check: LazyData
Result: NOTE
'LazyData' is specified without a 'data' directory
Flavors: r-devel-linux-x86_64-debian-clang, r-devel-linux-x86_64-debian-gcc, r-devel-linux-x86_64-fedora-clang, r-devel-linux-x86_64-fedora-gcc, r-prerel-macos-arm64, r-prerel-windows-x86_64, r-patched-linux-x86_64, r-release-linux-x86_64, r-release-macos-arm64, r-release-macos-x86_64, r-release-windows-x86_64, r-oldrel-macos-arm64, r-oldrel-windows-x86_64