Last updated on 2025-11-02 23:49:43 CET.
| Flavor | Version | Tinstall | Tcheck | Ttotal | Status | Flags |
|---|---|---|---|---|---|---|
| r-devel-linux-x86_64-debian-clang | 0.3 | 375.84 | 82.29 | 458.13 | OK | |
| r-devel-linux-x86_64-debian-gcc | 0.3 | 252.44 | 59.51 | 311.95 | OK | |
| r-devel-linux-x86_64-fedora-clang | 0.3 | 296.00 | 445.60 | 741.60 | OK | |
| r-devel-linux-x86_64-fedora-gcc | 0.3 | 376.00 | 445.13 | 821.13 | OK | |
| r-devel-windows-x86_64 | 0.3 | 387.00 | 122.00 | 509.00 | OK | |
| r-patched-linux-x86_64 | 0.3 | 383.43 | 82.88 | 466.31 | OK | |
| r-release-linux-x86_64 | 0.3 | 363.30 | 78.13 | 441.43 | OK | |
| r-release-macos-arm64 | 0.3 | 107.00 | 45.00 | 152.00 | OK | |
| r-release-macos-x86_64 | 0.3 | 80.00 | 59.00 | 139.00 | OK | |
| r-release-windows-x86_64 | 0.3 | 377.00 | 121.00 | 498.00 | OK | |
| r-oldrel-macos-arm64 | 0.3 | 104.00 | 34.00 | 138.00 | NOTE | |
| r-oldrel-macos-x86_64 | 0.3 | 70.00 | 51.00 | 121.00 | NOTE | |
| r-oldrel-windows-x86_64 | 0.3 | 433.00 | 157.00 | 590.00 | OK |
Version: 0.3
Check: installed package size
Result: NOTE
installed size is 20.4Mb
sub-directories of 1Mb or more:
libs 20.0Mb
Flavors: r-oldrel-macos-arm64, r-oldrel-macos-x86_64