Last updated on 2024-07-17 20:57:04 CEST.
Flavor | Version | Tinstall | Tcheck | Ttotal | Status | Flags |
---|---|---|---|---|---|---|
r-devel-linux-x86_64-debian-clang | 0.3.0 | 4.04 | 40.45 | 44.49 | OK | |
r-devel-linux-x86_64-debian-gcc | 0.3.0 | 3.05 | 29.41 | 32.46 | OK | |
r-devel-linux-x86_64-fedora-clang | 0.3.0 | 51.96 | NOTE | |||
r-devel-linux-x86_64-fedora-gcc | 0.3.0 | 53.34 | NOTE | |||
r-devel-windows-x86_64 | 0.3.0 | 5.00 | 52.00 | 57.00 | OK | |
r-patched-linux-x86_64 | 0.3.0 | 4.68 | 38.68 | 43.36 | OK | |
r-release-linux-x86_64 | 0.3.0 | 4.00 | 39.33 | 43.33 | OK | |
r-release-macos-arm64 | 0.3.0 | 22.00 | OK | |||
r-release-macos-x86_64 | 0.3.0 | 31.00 | OK | |||
r-release-windows-x86_64 | 0.3.0 | 4.00 | 52.00 | 56.00 | OK | |
r-oldrel-macos-arm64 | 0.3.0 | 24.00 | OK | |||
r-oldrel-macos-x86_64 | 0.3.0 | 32.00 | OK | |||
r-oldrel-windows-x86_64 | 0.3.0 | 5.00 | 56.00 | 61.00 | OK |
Version: 0.3.0
Check: dependencies in R code
Result: NOTE
Namespace in Imports field not imported from: ‘progress’
All declared Imports should be used.
Flavors: r-devel-linux-x86_64-fedora-clang, r-devel-linux-x86_64-fedora-gcc