CRAN Package Check Results for Package metalite.ae

Last updated on 2024-06-12 20:59:03 CEST.

Flavor Version Tinstall Tcheck Ttotal Status Flags
r-devel-linux-x86_64-debian-clang 0.1.2 5.11 330.09 335.20 OK
r-devel-linux-x86_64-debian-gcc 0.1.2 4.06 108.37 112.43 ERROR
r-devel-linux-x86_64-fedora-clang 0.1.2 397.57 OK
r-devel-linux-x86_64-fedora-gcc 0.1.2 387.51 OK
r-devel-windows-x86_64 0.1.2 5.00 254.00 259.00 OK
r-patched-linux-x86_64 0.1.2 5.42 314.17 319.59 OK
r-release-linux-x86_64 0.1.2 4.59 302.85 307.44 OK
r-release-macos-arm64 0.1.2 128.00 OK
r-release-macos-x86_64 0.1.2 177.00 OK
r-release-windows-x86_64 0.1.2 6.00 252.00 258.00 OK
r-oldrel-macos-arm64 0.1.2 142.00 OK
r-oldrel-macos-x86_64 0.1.2 372.00 OK
r-oldrel-windows-x86_64 0.1.2 5.00 316.00 321.00 OK

Check Details

Version: 0.1.2
Check: package dependencies
Result: NOTE Packages suggested but not available for checking: 'DescTools', 'dplyr', 'testthat', 'tibble', 'tidyr' Flavor: r-devel-linux-x86_64-debian-gcc

Version: 0.1.2
Check: tests
Result: ERROR Running ‘testthat.R’ [0s/0s] Running the tests in ‘tests/testthat.R’ failed. Complete output: > library(testthat) Error in library(testthat) : there is no package called 'testthat' Execution halted Flavor: r-devel-linux-x86_64-debian-gcc