CRAN Package Check Results for Package metafuse

Last updated on 2025-05-03 21:51:23 CEST.

Flavor Version Tinstall Tcheck Ttotal Status Flags
r-devel-linux-x86_64-debian-clang 2.0-1 6.92 62.49 69.41 NOTE
r-devel-linux-x86_64-debian-gcc 2.0-1 5.35 48.01 53.36 NOTE
r-devel-linux-x86_64-fedora-clang 2.0-1 109.14 NOTE
r-devel-linux-x86_64-fedora-gcc 2.0-1 107.21 NOTE
r-devel-windows-x86_64 2.0-1 9.00 87.00 96.00 NOTE
r-patched-linux-x86_64 2.0-1 7.16 62.42 69.58 NOTE
r-release-linux-x86_64 NOTE
r-release-macos-arm64 2.0-1 38.00 NOTE
r-release-macos-x86_64 2.0-1 64.00 NOTE
r-release-windows-x86_64 2.0-1 8.00 75.00 83.00 NOTE
r-oldrel-macos-arm64 2.0-1 34.00 NOTE
r-oldrel-macos-x86_64 2.0-1 49.00 NOTE
r-oldrel-windows-x86_64 2.0-1 10.00 89.00 99.00 NOTE

Check Details

Version: 2.0-1
Check: CRAN incoming feasibility
Result: NOTE Maintainer: ‘Lu Tang <lutang@umich.edu>’ No Authors@R field in DESCRIPTION. Please add one, modifying Authors@R: c(person(given = "Lu", family = "Tang", role = c("aut", "cre"), email = "lutang@umich.edu"), person(given = "Ling", family = "Zhou", role = "aut"), person(given = c("Peter", "X.K."), family = "Song", role = "aut")) as necessary. Flavors: r-devel-linux-x86_64-debian-clang, r-devel-linux-x86_64-debian-gcc

Version: 2.0-1
Check: Rd files
Result: NOTE checkRd: (-1) datagenerator.Rd:17: Lost braces; missing escapes or markup? 17 | Returns data frame with \code{n*K} rows (if \code{n} is a scalar), or \code{sum(n)} rows (if \code{n} is a \code{K}-element vector). The data frame contains columns "y", "x1", \dots, "x_{p-1}" and "group" if \code{family="gaussian"}, \code{"binomial"} or \code{"poisson"}; or contains columns "time", "status", "x1", \dots, "x_{p-1}" and "group" if \code{family="cox"}. | ^ checkRd: (-1) datagenerator.Rd:17: Lost braces; missing escapes or markup? 17 | Returns data frame with \code{n*K} rows (if \code{n} is a scalar), or \code{sum(n)} rows (if \code{n} is a \code{K}-element vector). The data frame contains columns "y", "x1", \dots, "x_{p-1}" and "group" if \code{family="gaussian"}, \code{"binomial"} or \code{"poisson"}; or contains columns "time", "status", "x1", \dots, "x_{p-1}" and "group" if \code{family="cox"}. | ^ Flavors: r-devel-linux-x86_64-debian-clang, r-devel-linux-x86_64-debian-gcc, r-devel-linux-x86_64-fedora-clang, r-devel-linux-x86_64-fedora-gcc, r-devel-windows-x86_64, r-patched-linux-x86_64, r-release-linux-x86_64, r-release-macos-arm64, r-release-macos-x86_64, r-release-windows-x86_64, r-oldrel-macos-arm64, r-oldrel-macos-x86_64, r-oldrel-windows-x86_64