CRAN Package Check Results for Package metadat

Last updated on 2022-11-26 19:55:21 CET.

Flavor Version Tinstall Tcheck Ttotal Status Flags
r-devel-linux-x86_64-debian-clang 1.2-0 4.89 61.64 66.53 OK
r-devel-linux-x86_64-debian-gcc 1.2-0 3.56 46.24 49.80 OK
r-devel-linux-x86_64-fedora-clang 1.2-0 90.50 OK
r-devel-linux-x86_64-fedora-gcc 1.2-0 89.73 OK
r-devel-windows-x86_64 1.2-0 69.00 119.00 188.00 OK
r-patched-linux-x86_64 1.2-0 OK
r-release-linux-x86_64 1.2-0 4.73 47.94 52.67 OK
r-release-macos-arm64 1.2-0 22.00 OK
r-release-macos-x86_64 1.2-0 42.00 OK
r-release-windows-x86_64 1.2-0 73.00 106.00 179.00 OK
r-oldrel-macos-arm64 1.2-0 20.00 OK
r-oldrel-macos-x86_64 1.2-0 34.00 OK
r-oldrel-windows-ix86+x86_64 1.2-0 12.00 87.00 99.00 ERROR

Check Details

Version: 1.2-0
Check: PDF version of manual
Result: WARN
    LaTeX errors when creating PDF version.
    This typically indicates Rd problems.
    LaTeX errors found:
    ! Package inputenc Error: Unicode char รข<c2><80><c2><90> (U+2010)
    (inputenc) not set up for use with LaTeX.
    
    See the inputenc package documentation for explanation.
    Type H <return> for immediate help.
Flavor: r-oldrel-windows-ix86+x86_64

Version: 1.2-0
Check: PDF version of manual without hyperrefs or index
Result: ERROR
Flavor: r-oldrel-windows-ix86+x86_64