Last updated on 2024-04-18 21:56:56 CEST.
Flavor | Version | Tinstall | Tcheck | Ttotal | Status | Flags |
---|---|---|---|---|---|---|
r-devel-linux-x86_64-debian-clang | 3.1.3 | 2.89 | 47.59 | 50.48 | OK | |
r-devel-linux-x86_64-debian-gcc | 3.1.3 | 3.41 | 36.04 | 39.45 | OK | |
r-devel-linux-x86_64-fedora-clang | 3.1.3 | 66.03 | OK | |||
r-devel-linux-x86_64-fedora-gcc | 3.1.3 | 77.25 | OK | |||
r-prerel-macos-arm64 | 3.1.3 | 29.00 | NOTE | |||
r-prerel-macos-x86_64 | 3.1.3 | 51.00 | OK | |||
r-prerel-windows-x86_64 | 3.1.3 | 4.00 | 73.00 | 77.00 | OK | |
r-patched-linux-x86_64 | 3.1.3 | 4.93 | 46.81 | 51.74 | OK | |
r-release-linux-x86_64 | 3.1.3 | 4.29 | 44.45 | 48.74 | OK | |
r-release-macos-arm64 | 3.1.3 | 30.00 | NOTE | |||
r-release-macos-x86_64 | 3.1.3 | 45.00 | NOTE | |||
r-release-windows-x86_64 | 3.1.3 | 4.00 | 73.00 | 77.00 | OK | |
r-oldrel-macos-arm64 | 3.1.3 | 25.00 | NOTE | |||
r-oldrel-windows-x86_64 | 3.1.3 | 6.00 | 79.00 | 85.00 | OK |
Version: 3.1.3
Check: package dependencies
Result: NOTE
Packages suggested but not available for checking:
'hgu133plus2.db', 'hgu133a.db', 'hgu95av2.db'
Flavor: r-prerel-macos-arm64
Version: 3.1.3
Check: package dependencies
Result: NOTE
Packages suggested but not available for checking:
'GEOquery', 'annaffy', 'hgu133plus2.db', 'hgu133a.db', 'hgu95av2.db'
Flavor: r-release-macos-arm64
Version: 3.1.3
Check: package dependencies
Result: NOTE
Packages suggested but not available for checking:
'org.Hs.eg.db', 'annaffy', 'hgu133plus2.db', 'hgu133a.db',
'hgu95av2.db'
Flavor: r-release-macos-x86_64
Version: 3.1.3
Check: package dependencies
Result: NOTE
Packages suggested but not available for checking:
'hgu133a.db', 'hgu95av2.db'
Flavor: r-oldrel-macos-arm64