Last updated on 2024-04-19 20:56:43 CEST.
Flavor | Version | Tinstall | Tcheck | Ttotal | Status | Flags |
---|---|---|---|---|---|---|
r-devel-linux-x86_64-debian-clang | 0.3.5 | 7.94 | 79.38 | 87.32 | NOTE | |
r-devel-linux-x86_64-debian-gcc | 0.3.5 | NOTE | ||||
r-devel-linux-x86_64-fedora-clang | 0.4.1 | 170.31 | NOTE | |||
r-devel-linux-x86_64-fedora-gcc | 0.4.1 | 168.22 | NOTE | |||
r-prerel-macos-arm64 | 0.3.5 | 38.00 | NOTE | |||
r-prerel-macos-x86_64 | 0.4.1 | 234.00 | OK | |||
r-prerel-windows-x86_64 | 0.3.5 | 9.00 | 83.00 | 92.00 | NOTE | |
r-patched-linux-x86_64 | 0.3.5 | 7.41 | 78.66 | 86.07 | NOTE | |
r-release-linux-x86_64 | 0.3.5 | 8.06 | 74.74 | 82.80 | OK | |
r-release-macos-arm64 | 0.3.5 | 42.00 | OK | |||
r-release-macos-x86_64 | 0.4.1 | 182.00 | OK | |||
r-release-windows-x86_64 | 0.3.5 | 10.00 | 95.00 | 105.00 | OK | |
r-oldrel-macos-arm64 | 0.3.5 | 36.00 | OK | |||
r-oldrel-windows-x86_64 | 0.3.5 | 10.00 | 97.00 | 107.00 | OK |
Version: 0.3.5
Check: Rd files
Result: NOTE
checkRd: (-1) expand.Rd:28: Lost braces; missing escapes or markup?
28 | approximate dates (annotated with '..', '{ , }', 'XX' or '~').
| ^
Flavors: r-devel-linux-x86_64-debian-clang, r-devel-linux-x86_64-debian-gcc, r-prerel-macos-arm64, r-prerel-windows-x86_64, r-patched-linux-x86_64
Version: 0.4.1
Check: data for non-ASCII characters
Result: NOTE
Note: found 1 marked UTF-8 string
Flavors: r-devel-linux-x86_64-fedora-clang, r-devel-linux-x86_64-fedora-gcc