Last updated on 2023-03-26 01:52:01 CET.
Flavor | Version | Tinstall | Tcheck | Ttotal | Status | Flags |
---|---|---|---|---|---|---|
r-devel-linux-x86_64-debian-clang | 0.3.5 | 9.20 | 79.65 | 88.85 | OK | |
r-devel-linux-x86_64-debian-gcc | 0.3.5 | 6.26 | 59.39 | 65.65 | OK | |
r-devel-linux-x86_64-fedora-clang | 0.3.5 | 109.14 | NOTE | |||
r-devel-linux-x86_64-fedora-gcc | 0.3.5 | 112.93 | NOTE | |||
r-patched-linux-x86_64 | 0.3.5 | 8.93 | 73.32 | 82.25 | OK | |
r-release-linux-x86_64 | 0.3.5 | 8.32 | 75.88 | 84.20 | OK | |
r-release-macos-arm64 | 0.3.5 | 36.00 | OK | |||
r-release-macos-x86_64 | 0.3.5 | 50.00 | OK | |||
r-release-windows-x86_64 | 0.3.5 | 47.00 | 120.00 | 167.00 | OK | |
r-oldrel-macos-arm64 | 0.3.5 | 38.00 | OK | |||
r-oldrel-macos-x86_64 | 0.3.5 | 55.00 | OK | |||
r-oldrel-windows-ix86+x86_64 | 0.3.5 | 18.00 | 108.00 | 126.00 | OK |
Version: 0.3.5
Check: data for non-ASCII characters
Result: NOTE
Note: found 1 marked UTF-8 string
Flavors: r-devel-linux-x86_64-fedora-clang, r-devel-linux-x86_64-fedora-gcc