Last updated on 2024-04-17 20:57:40 CEST.
Flavor | Version | Tinstall | Tcheck | Ttotal | Status | Flags |
---|---|---|---|---|---|---|
r-devel-linux-x86_64-debian-clang | 0.2.3 | 418.68 | 158.02 | 576.70 | NOTE | |
r-devel-linux-x86_64-debian-gcc | 0.2.3 | 347.66 | 190.85 | 538.51 | NOTE | |
r-devel-linux-x86_64-fedora-clang | 0.2.3 | 883.09 | NOTE | |||
r-devel-linux-x86_64-fedora-gcc | 0.2.3 | 968.28 | NOTE | |||
r-prerel-macos-arm64 | 0.2.3 | 150.00 | NOTE | |||
r-prerel-windows-x86_64 | 0.2.3 | 327.00 | 150.00 | 477.00 | NOTE | |
r-patched-linux-x86_64 | 0.2.3 | 437.32 | 209.87 | 647.19 | NOTE | |
r-release-linux-x86_64 | 0.2.3 | 426.93 | 211.87 | 638.80 | NOTE | |
r-release-macos-arm64 | 0.2.3 | 215.00 | NOTE | |||
r-release-macos-x86_64 | 0.2.3 | 308.00 | NOTE | |||
r-release-windows-x86_64 | 0.2.3 | 398.00 | 176.00 | 574.00 | NOTE | |
r-oldrel-macos-arm64 | 0.2.3 | 164.00 | NOTE | |||
r-oldrel-windows-x86_64 | 0.2.3 | 382.00 | 168.00 | 550.00 | OK |
Version: 0.2.3
Check: C++ specification
Result: NOTE
Specified C++11: please drop specification unless essential
Flavors: r-devel-linux-x86_64-debian-clang, r-devel-linux-x86_64-debian-gcc, r-devel-linux-x86_64-fedora-clang, r-devel-linux-x86_64-fedora-gcc, r-prerel-macos-arm64, r-prerel-windows-x86_64, r-patched-linux-x86_64, r-release-linux-x86_64, r-release-macos-arm64, r-release-macos-x86_64, r-release-windows-x86_64
Version: 0.2.3
Check: installed package size
Result: NOTE
installed size is 20.2Mb
sub-directories of 1Mb or more:
libs 19.1Mb
Flavors: r-prerel-macos-arm64, r-release-macos-arm64, r-release-macos-x86_64, r-oldrel-macos-arm64