Last updated on 2023-01-30 20:55:51 CET.
Flavor | Version | Tinstall | Tcheck | Ttotal | Status | Flags |
---|---|---|---|---|---|---|
r-devel-linux-x86_64-debian-clang | 0.2.3 | 418.39 | 188.94 | 607.33 | OK | |
r-devel-linux-x86_64-debian-gcc | 0.2.3 | 333.30 | 182.90 | 516.20 | NOTE | |
r-devel-linux-x86_64-fedora-clang | 0.2.3 | 890.02 | NOTE | |||
r-devel-linux-x86_64-fedora-gcc | 0.2.3 | 890.52 | NOTE | |||
r-devel-windows-x86_64 | 0.2.3 | 302.00 | 206.00 | 508.00 | NOTE | |
r-patched-linux-x86_64 | 0.2.3 | 359.13 | 193.67 | 552.80 | OK | |
r-release-linux-x86_64 | 0.2.3 | 370.04 | 192.05 | 562.09 | OK | |
r-release-macos-arm64 | 0.2.3 | 164.00 | NOTE | |||
r-release-macos-x86_64 | 0.2.3 | 230.00 | NOTE | |||
r-release-windows-x86_64 | 0.2.3 | 440.00 | 220.00 | 660.00 | OK | |
r-oldrel-macos-arm64 | 0.2.3 | 162.00 | NOTE | |||
r-oldrel-macos-x86_64 | 0.2.3 | 237.00 | NOTE | |||
r-oldrel-windows-ix86+x86_64 | 0.2.3 | 988.00 | 219.00 | 1207.00 | NOTE |
Version: 0.2.3
Check: C++ specification
Result: NOTE
Specified C++11: please update to current default of C++17
Flavors: r-devel-linux-x86_64-debian-gcc, r-devel-linux-x86_64-fedora-clang, r-devel-linux-x86_64-fedora-gcc, r-devel-windows-x86_64
Version: 0.2.3
Check: installed package size
Result: NOTE
installed size is 21.2Mb
sub-directories of 1Mb or more:
libs 20.1Mb
Flavors: r-release-macos-arm64, r-release-macos-x86_64, r-oldrel-macos-arm64, r-oldrel-macos-x86_64, r-oldrel-windows-ix86+x86_64